{"version":"1.0","provider_name":"Blog Cultura y Turismo","provider_url":"https:\/\/www.info.valladolid.es\/blog","title":"Tango de luces y sombras - Blog Cultura y Turismo","type":"rich","width":600,"height":338,"html":"<blockquote class=\"wp-embedded-content\" data-secret=\"XgjIU9m9Xt\"><a href=\"https:\/\/www.info.valladolid.es\/blog\/tango-de-luces-y-sombras\/\">Tango de luces y sombras<\/a><\/blockquote><iframe sandbox=\"allow-scripts\" security=\"restricted\" src=\"https:\/\/www.info.valladolid.es\/blog\/tango-de-luces-y-sombras\/embed\/#?secret=XgjIU9m9Xt\" width=\"600\" height=\"338\" title=\"\u00abTango de luces y sombras\u00bb \u2014 Blog Cultura y Turismo\" data-secret=\"XgjIU9m9Xt\" frameborder=\"0\" marginwidth=\"0\" marginheight=\"0\" scrolling=\"no\" class=\"wp-embedded-content\"><\/iframe><script type=\"text\/javascript\">\n\/* <![CDATA[ *\/\n\/*! This file is auto-generated *\/\n!function(d,l){\"use strict\";l.querySelector&&d.addEventListener&&\"undefined\"!=typeof URL&&(d.wp=d.wp||{},d.wp.receiveEmbedMessage||(d.wp.receiveEmbedMessage=function(e){var t=e.data;if((t||t.secret||t.message||t.value)&&!\/[^a-zA-Z0-9]\/.test(t.secret)){for(var s,r,n,a=l.querySelectorAll('iframe[data-secret=\"'+t.secret+'\"]'),o=l.querySelectorAll('blockquote[data-secret=\"'+t.secret+'\"]'),c=new RegExp(\"^https?:$\",\"i\"),i=0;i<o.length;i++)o[i].style.display=\"none\";for(i=0;i<a.length;i++)s=a[i],e.source===s.contentWindow&&(s.removeAttribute(\"style\"),\"height\"===t.message?(1e3<(r=parseInt(t.value,10))?r=1e3:~~r<200&&(r=200),s.height=r):\"link\"===t.message&&(r=new URL(s.getAttribute(\"src\")),n=new URL(t.value),c.test(n.protocol))&&n.host===r.host&&l.activeElement===s&&(d.top.location.href=t.value))}},d.addEventListener(\"message\",d.wp.receiveEmbedMessage,!1),l.addEventListener(\"DOMContentLoaded\",function(){for(var e,t,s=l.querySelectorAll(\"iframe.wp-embedded-content\"),r=0;r<s.length;r++)(t=(e=s[r]).getAttribute(\"data-secret\"))||(t=Math.random().toString(36).substring(2,12),e.src+=\"#?secret=\"+t,e.setAttribute(\"data-secret\",t)),e.contentWindow.postMessage({message:\"ready\",secret:t},\"*\")},!1)))}(window,document);\n\/\/# sourceURL=https:\/\/www.info.valladolid.es\/blog\/wp-includes\/js\/wp-embed.min.js\n\/* ]]> *\/\n<\/script>\n","thumbnail_url":"https:\/\/www.info.valladolid.es\/blog\/wp-content\/uploads\/2015\/02\/kertesz-valladolid.jpg","thumbnail_width":520,"thumbnail_height":400,"description":"Andr\u00e9 Kertesz es uno de esos artistas dotados con la genialidad imprescindible para vestir la calidad con el atuendo de la sencillez. Una calidad de composici\u00f3n y t\u00e9cnica que le ha valido el t\u00edtulo de maestro de la fotograf\u00eda para artistas del objetivo de la talla de Henri Cartier-Bresson. Si el nombre de Kertesz es menos conocido entre el gran p\u00fablico, se debe tan solo a esos avatares que tejen la historia con agujas de injusticia. Porque la magnitud de la obra de Kertesz es incontestable. Quiz\u00e1 su talento innato fuese condici\u00f3n sine qua non para que, ante el reto de ser autodidacta, llegase a ser uno de los filtros de la realidad m\u00e1s imitados de todos los tiempos. Si en su historia el talento fue\u00a0papel, la paciencia fue la tinta que dibuj\u00f3 con trazos de una simplicidad\u00a0estudiada las composiciones que marcaron una nueva forma de elevar la fotograf\u00eda documental a la categor\u00eda de arte. Paciencia para captar\u00a0el instante en el que la cotidianidad se vuelve belleza. Nacer en el Danubio, triunfar en el Sena La vida, siempre intr\u00ednseca a la creaci\u00f3n del artista, hizo que aunque h\u00fangaro de de origen, Kert\u00e9sz\u00a0viese en Francia su patria art\u00edstica. Nacido en Budapest [&hellip;]"}

André Kertesz es uno de esos artistas dotados con la genialidad imprescindible para vestir la calidad con el atuendo de la sencillez. Una calidad de composición y técnica que le ha valido el título de maestro de la fotografía para artistas del objetivo de la talla de Henri Cartier-Bresson. Si el nombre de Kertesz es menos conocido entre el gran público, se debe tan solo a esos avatares que tejen la historia con agujas de injusticia. Porque la magnitud de la obra de Kertesz es incontestable. Quizá su talento innato fuese condición sine qua non para que, ante el reto de ser autodidacta, llegase a ser uno de los filtros de la realidad más imitados de todos los tiempos. Si en su historia el talento fue papel, la paciencia fue la tinta que dibujó con trazos de una simplicidad estudiada las composiciones que marcaron una nueva forma de elevar la fotografía documental a la categoría de arte. Paciencia para captar el instante en el que la cotidianidad se vuelve belleza. Nacer en el Danubio, triunfar en el Sena La vida, siempre intrínseca a la creación del artista, hizo que aunque húngaro de de origen, Kertész viese en Francia su patria artística. Nacido en Budapest [&hellip;]
