{"version":"1.0","provider_name":"Blog Cultura y Turismo","provider_url":"https:\/\/www.info.valladolid.es\/blog","title":"Valladolid vuelve a dar la hora con flores - Blog Cultura y Turismo","type":"rich","width":600,"height":338,"html":"<blockquote class=\"wp-embedded-content\" data-secret=\"JBJS5O5U7X\"><a href=\"https:\/\/www.info.valladolid.es\/blog\/reloj-floral-valladolid\/\">Valladolid vuelve a dar la hora con flores<\/a><\/blockquote><iframe sandbox=\"allow-scripts\" security=\"restricted\" src=\"https:\/\/www.info.valladolid.es\/blog\/reloj-floral-valladolid\/embed\/#?secret=JBJS5O5U7X\" width=\"600\" height=\"338\" title=\"\u00abValladolid vuelve a dar la hora con flores\u00bb \u2014 Blog Cultura y Turismo\" data-secret=\"JBJS5O5U7X\" frameborder=\"0\" marginwidth=\"0\" marginheight=\"0\" scrolling=\"no\" class=\"wp-embedded-content\"><\/iframe><script type=\"text\/javascript\">\n\/* <![CDATA[ *\/\n\/*! This file is auto-generated *\/\n!function(d,l){\"use strict\";l.querySelector&&d.addEventListener&&\"undefined\"!=typeof URL&&(d.wp=d.wp||{},d.wp.receiveEmbedMessage||(d.wp.receiveEmbedMessage=function(e){var t=e.data;if((t||t.secret||t.message||t.value)&&!\/[^a-zA-Z0-9]\/.test(t.secret)){for(var s,r,n,a=l.querySelectorAll('iframe[data-secret=\"'+t.secret+'\"]'),o=l.querySelectorAll('blockquote[data-secret=\"'+t.secret+'\"]'),c=new RegExp(\"^https?:$\",\"i\"),i=0;i<o.length;i++)o[i].style.display=\"none\";for(i=0;i<a.length;i++)s=a[i],e.source===s.contentWindow&&(s.removeAttribute(\"style\"),\"height\"===t.message?(1e3<(r=parseInt(t.value,10))?r=1e3:~~r<200&&(r=200),s.height=r):\"link\"===t.message&&(r=new URL(s.getAttribute(\"src\")),n=new URL(t.value),c.test(n.protocol))&&n.host===r.host&&l.activeElement===s&&(d.top.location.href=t.value))}},d.addEventListener(\"message\",d.wp.receiveEmbedMessage,!1),l.addEventListener(\"DOMContentLoaded\",function(){for(var e,t,s=l.querySelectorAll(\"iframe.wp-embedded-content\"),r=0;r<s.length;r++)(t=(e=s[r]).getAttribute(\"data-secret\"))||(t=Math.random().toString(36).substring(2,12),e.src+=\"#?secret=\"+t,e.setAttribute(\"data-secret\",t)),e.contentWindow.postMessage({message:\"ready\",secret:t},\"*\")},!1)))}(window,document);\n\/\/# sourceURL=https:\/\/www.info.valladolid.es\/blog\/wp-includes\/js\/wp-embed.min.js\n\/* ]]> *\/\n<\/script>\n","thumbnail_url":"https:\/\/www.info.valladolid.es\/blog\/wp-content\/uploads\/2015\/07\/reloj-floral.jpg","thumbnail_width":520,"thumbnail_height":400,"description":"Hace casi medio siglo El Norte de Castilla plasmaba en su cr\u00f3nica municipal una rotunda opini\u00f3n: \u201cEl reloj floral ha de ser uno de los conjuntos m\u00e1s interesantes de este paraje\u201d. El paraje al que se refiere el decano de la prensa vallisoletana, el entorno del Campo Grande. El protagonista, una instalaci\u00f3n que combinaba un mosaico de p\u00e9talos y tallos con un mecanismo de relojer\u00eda. El a\u00f1o, 1966. Cuarenta y nueve a\u00f1os despu\u00e9s y m\u00e1s de dos d\u00e9cadas desde su desmantelamiento, el c\u00e9ntrico paraje vuelve a dar la hora. El proyecto final poco tiene que ver con el aprobado por el Consistorio de Mart\u00edn Santos Romero en febrero de 1966, m\u00e1s all\u00e1 de la idea, que se recupera, y la zona de Valladolid que le da cabida \u2013aunque la ubicaci\u00f3n actual no coincide de forma exacta con la original-. Lo que hoy es el Paseo Central del Campo Grande, colindante con la calle Acera de Recoletos, fue la ubicaci\u00f3n del primer reloj floral de Valladolid. En el escrito que aprueba la ejecuci\u00f3n de la obra se urg\u00eda a \u201cembellecer la zona del derribo del auditorio del Campo Grande\u201d de cara a la celebraci\u00f3n de la Semana Santa, que ese a\u00f1o [&hellip;]"}

Hace casi medio siglo El Norte de Castilla plasmaba en su crónica municipal una rotunda opinión: “El reloj floral ha de ser uno de los conjuntos más interesantes de este paraje”. El paraje al que se refiere el decano de la prensa vallisoletana, el entorno del Campo Grande. El protagonista, una instalación que combinaba un mosaico de pétalos y tallos con un mecanismo de relojería. El año, 1966. Cuarenta y nueve años después y más de dos décadas desde su desmantelamiento, el céntrico paraje vuelve a dar la hora. El proyecto final poco tiene que ver con el aprobado por el Consistorio de Martín Santos Romero en febrero de 1966, más allá de la idea, que se recupera, y la zona de Valladolid que le da cabida –aunque la ubicación actual no coincide de forma exacta con la original-. Lo que hoy es el Paseo Central del Campo Grande, colindante con la calle Acera de Recoletos, fue la ubicación del primer reloj floral de Valladolid. En el escrito que aprueba la ejecución de la obra se urgía a “embellecer la zona del derribo del auditorio del Campo Grande” de cara a la celebración de la Semana Santa, que ese año [&hellip;]
