{"version":"1.0","provider_name":"Blog Cultura y Turismo","provider_url":"https:\/\/www.info.valladolid.es\/blog","title":"Novedades en la Semana Santa de Valladolid 2022 - Blog Cultura y Turismo","type":"rich","width":600,"height":338,"html":"<blockquote class=\"wp-embedded-content\" data-secret=\"UUxwBYUrZK\"><a href=\"https:\/\/www.info.valladolid.es\/blog\/novedades-en-la-semana-santa-de-valladolid-2022\/\">Novedades en la Semana Santa de Valladolid 2022<\/a><\/blockquote><iframe sandbox=\"allow-scripts\" security=\"restricted\" src=\"https:\/\/www.info.valladolid.es\/blog\/novedades-en-la-semana-santa-de-valladolid-2022\/embed\/#?secret=UUxwBYUrZK\" width=\"600\" height=\"338\" title=\"\u00abNovedades en la Semana Santa de Valladolid 2022\u00bb \u2014 Blog Cultura y Turismo\" data-secret=\"UUxwBYUrZK\" frameborder=\"0\" marginwidth=\"0\" marginheight=\"0\" scrolling=\"no\" class=\"wp-embedded-content\"><\/iframe><script type=\"text\/javascript\">\n\/* <![CDATA[ *\/\n\/*! This file is auto-generated *\/\n!function(d,l){\"use strict\";l.querySelector&&d.addEventListener&&\"undefined\"!=typeof URL&&(d.wp=d.wp||{},d.wp.receiveEmbedMessage||(d.wp.receiveEmbedMessage=function(e){var t=e.data;if((t||t.secret||t.message||t.value)&&!\/[^a-zA-Z0-9]\/.test(t.secret)){for(var s,r,n,a=l.querySelectorAll('iframe[data-secret=\"'+t.secret+'\"]'),o=l.querySelectorAll('blockquote[data-secret=\"'+t.secret+'\"]'),c=new RegExp(\"^https?:$\",\"i\"),i=0;i<o.length;i++)o[i].style.display=\"none\";for(i=0;i<a.length;i++)s=a[i],e.source===s.contentWindow&&(s.removeAttribute(\"style\"),\"height\"===t.message?(1e3<(r=parseInt(t.value,10))?r=1e3:~~r<200&&(r=200),s.height=r):\"link\"===t.message&&(r=new URL(s.getAttribute(\"src\")),n=new URL(t.value),c.test(n.protocol))&&n.host===r.host&&l.activeElement===s&&(d.top.location.href=t.value))}},d.addEventListener(\"message\",d.wp.receiveEmbedMessage,!1),l.addEventListener(\"DOMContentLoaded\",function(){for(var e,t,s=l.querySelectorAll(\"iframe.wp-embedded-content\"),r=0;r<s.length;r++)(t=(e=s[r]).getAttribute(\"data-secret\"))||(t=Math.random().toString(36).substring(2,12),e.src+=\"#?secret=\"+t,e.setAttribute(\"data-secret\",t)),e.contentWindow.postMessage({message:\"ready\",secret:t},\"*\")},!1)))}(window,document);\n\/\/# sourceURL=https:\/\/www.info.valladolid.es\/blog\/wp-includes\/js\/wp-embed.min.js\n\/* ]]> *\/\n<\/script>\n","thumbnail_url":"https:\/\/www.info.valladolid.es\/blog\/wp-content\/uploads\/2022\/04\/article-12.jpeg","thumbnail_width":700,"thumbnail_height":448,"description":"Viernes de Dolores Por primera vez, la procesi\u00f3n de Perd\u00f3n y Esperanza se celebra el Viernes de Dolores (ocho de abril). A cargo de la Cofrad\u00eda de la Sagrada Cena que comienza en la Iglesia de San Pedro, mantiene como ubicaci\u00f3n del homenaje a los hermanos fallecidos este a\u00f1o la estatua en Portugalete, inaugurada en 2020. Domingo de Ramos La Hermandad del Sant\u00edsimo Cristo Jes\u00fas de Medinaceli, Nuestra Se\u00f1ora de la Divina Misericordia y Disc\u00edpulo Amado estrena este a\u00f1o su nuevo nombre, aprobado en 2021. Otra de las novedades que presenta esta cofrad\u00eda es la incorporaci\u00f3n al paso Jes\u00fas de Medinaceli de un soldado romano tallado por la imaginera gaditana Ana Rey. Es la primera talla realizada por una mujer que procesionar\u00e1 en la Semana Santa de Valladolid. Jueves Santo Este 2022, la Semana Santa de Valladolid estrena procesi\u00f3n: la de Cristo en Getseman\u00ed. Los pasos La Oraci\u00f3n del Huerto y El Prendimiento, portados por la Cofrad\u00eda de La Oraci\u00f3n del Huerto y San Pascual Bail\u00f3n, partir\u00e1n de la plaza de la Trinidad a las 19 horas y recorrer\u00e1n la calle San Quirce hasta plaza de San Pablo, calle de las Angustias, calle de Esgueva, calle de Juan Mambrilla y [&hellip;]"}

Viernes de Dolores Por primera vez, la procesión de Perdón y Esperanza se celebra el Viernes de Dolores (ocho de abril). A cargo de la Cofradía de la Sagrada Cena que comienza en la Iglesia de San Pedro, mantiene como ubicación del homenaje a los hermanos fallecidos este año la estatua en Portugalete, inaugurada en 2020. Domingo de Ramos La Hermandad del Santísimo Cristo Jesús de Medinaceli, Nuestra Señora de la Divina Misericordia y Discípulo Amado estrena este año su nuevo nombre, aprobado en 2021. Otra de las novedades que presenta esta cofradía es la incorporación al paso Jesús de Medinaceli de un soldado romano tallado por la imaginera gaditana Ana Rey. Es la primera talla realizada por una mujer que procesionará en la Semana Santa de Valladolid. Jueves Santo Este 2022, la Semana Santa de Valladolid estrena procesión: la de Cristo en Getsemaní. Los pasos La Oración del Huerto y El Prendimiento, portados por la Cofradía de La Oración del Huerto y San Pascual Bailón, partirán de la plaza de la Trinidad a las 19 horas y recorrerán la calle San Quirce hasta plaza de San Pablo, calle de las Angustias, calle de Esgueva, calle de Juan Mambrilla y [&hellip;]
