{"version":"1.0","provider_name":"Blog Cultura y Turismo","provider_url":"https:\/\/www.info.valladolid.es\/blog","title":"Una fachada enigm\u00e1tica. Visita al Museo Nacional de Escultura (I). - Blog Cultura y Turismo","type":"rich","width":600,"height":338,"html":"<blockquote class=\"wp-embedded-content\" data-secret=\"TcGNwlx7la\"><a href=\"https:\/\/www.info.valladolid.es\/blog\/museo_nacional_escultura_fachada\/\">Una fachada enigm\u00e1tica. Visita al Museo Nacional de Escultura (I).<\/a><\/blockquote><iframe sandbox=\"allow-scripts\" security=\"restricted\" src=\"https:\/\/www.info.valladolid.es\/blog\/museo_nacional_escultura_fachada\/embed\/#?secret=TcGNwlx7la\" width=\"600\" height=\"338\" title=\"\u00abUna fachada enigm\u00e1tica. Visita al Museo Nacional de Escultura (I).\u00bb \u2014 Blog Cultura y Turismo\" data-secret=\"TcGNwlx7la\" frameborder=\"0\" marginwidth=\"0\" marginheight=\"0\" scrolling=\"no\" class=\"wp-embedded-content\"><\/iframe><script type=\"text\/javascript\">\n\/* <![CDATA[ *\/\n\/*! This file is auto-generated *\/\n!function(d,l){\"use strict\";l.querySelector&&d.addEventListener&&\"undefined\"!=typeof URL&&(d.wp=d.wp||{},d.wp.receiveEmbedMessage||(d.wp.receiveEmbedMessage=function(e){var t=e.data;if((t||t.secret||t.message||t.value)&&!\/[^a-zA-Z0-9]\/.test(t.secret)){for(var s,r,n,a=l.querySelectorAll('iframe[data-secret=\"'+t.secret+'\"]'),o=l.querySelectorAll('blockquote[data-secret=\"'+t.secret+'\"]'),c=new RegExp(\"^https?:$\",\"i\"),i=0;i<o.length;i++)o[i].style.display=\"none\";for(i=0;i<a.length;i++)s=a[i],e.source===s.contentWindow&&(s.removeAttribute(\"style\"),\"height\"===t.message?(1e3<(r=parseInt(t.value,10))?r=1e3:~~r<200&&(r=200),s.height=r):\"link\"===t.message&&(r=new URL(s.getAttribute(\"src\")),n=new URL(t.value),c.test(n.protocol))&&n.host===r.host&&l.activeElement===s&&(d.top.location.href=t.value))}},d.addEventListener(\"message\",d.wp.receiveEmbedMessage,!1),l.addEventListener(\"DOMContentLoaded\",function(){for(var e,t,s=l.querySelectorAll(\"iframe.wp-embedded-content\"),r=0;r<s.length;r++)(t=(e=s[r]).getAttribute(\"data-secret\"))||(t=Math.random().toString(36).substring(2,12),e.src+=\"#?secret=\"+t,e.setAttribute(\"data-secret\",t)),e.contentWindow.postMessage({message:\"ready\",secret:t},\"*\")},!1)))}(window,document);\n\/\/# sourceURL=https:\/\/www.info.valladolid.es\/blog\/wp-includes\/js\/wp-embed.min.js\n\/* ]]> *\/\n<\/script>\n","thumbnail_url":"https:\/\/www.info.valladolid.es\/blog\/wp-content\/uploads\/2017\/02\/fachada-museo-nacional-de-escultura.jpg","thumbnail_width":520,"thumbnail_height":400,"description":"La fachada\u00a0del Colegio de San Gregorio, tan enigm\u00e1tica como hermosa, es una de las vistas m\u00e1s apreciadas de Valladolid. La profusi\u00f3n de detalles y la destreza demostrada en la creaci\u00f3n de cada figura la asemeja a un retablo tallado en piedra. Impregnada de simbolismo, ha sido objeto de numerosas interpretaciones y controversias. Los interrogantes a\u00fan se mantienen latentes. \u00bfQu\u00e9 significan los hombres peludos? \u00bfEs la fuente s\u00edmbolo de juventud o de sabidur\u00eda? Vayamos por partes. En el primer cuerpo,\u00a0 justo sobre la puerta y delimitado por arcos, aparece representado San Gregorio recibiendo una ofrenda de Fray Alonso de Burgos, fundador del Colegio y confesor personal de Isabel la Cat\u00f3lica; mientras observan la escena San Pablo y Santo Domingo. La fachada nos recuerda constantemente la aportaci\u00f3n de Alonso de Burgos al colegio a trav\u00e9s de la flor de lis, el emblema del fraile, que aparece repetida hasta la saciedad. La parte central est\u00e1 ocupada por una gran fuente o pil\u00f3n \u2013seguramente, la fuente de la eterna juventud- a cuyo alrededor revolotean infinidad de angelillos italianos o puttis, un elemento ornamental t\u00edpico del Renacimiento. Del agua brota un granado que ha dado lugar a diferentes interpretaciones: podr\u00eda ser el \u00e1rbol de la [&hellip;]"}

Una fachada enigmática. Visita al Museo Nacional de Escultura (I). - Blog Cultura y Turismo

<blockquote class="wp-embedded-content" data-secret="TcGNwlx7la"><a href="https://www.info.valladolid.es/blog/museo_nacional_escultura_fachada/">Una fachada enigmática. Visita al Museo Nacional de Escultura (I).</a></blockquote><iframe sandbox="allow-scripts" security="restricted" src="https://www.info.valladolid.es/blog/museo_nacional_escultura_fachada/embed/#?secret=TcGNwlx7la" width="600" height="338" title="«Una fachada enigmática. Visita al Museo Nacional de Escultura (I).» — Blog Cultura y Turismo" data-secret="TcGNwlx7la" frameborder="0" marginwidth="0" marginheight="0" scrolling="no" class="wp-embedded-content"></iframe><script type="text/javascript">
/* <![CDATA[ */
/*! This file is auto-generated */
!function(d,l){"use strict";l.querySelector&&d.addEventListener&&"undefined"!=typeof URL&&(d.wp=d.wp||{},d.wp.receiveEmbedMessage||(d.wp.receiveEmbedMessage=function(e){var t=e.data;if((t||t.secret||t.message||t.value)&&!/[^a-zA-Z0-9]/.test(t.secret)){for(var s,r,n,a=l.querySelectorAll('iframe[data-secret="'+t.secret+'"]'),o=l.querySelectorAll('blockquote[data-secret="'+t.secret+'"]'),c=new RegExp("^https?:$","i"),i=0;i<o.length;i++)o[i].style.display="none";for(i=0;i<a.length;i++)s=a[i],e.source===s.contentWindow&&(s.removeAttribute("style"),"height"===t.message?(1e3<(r=parseInt(t.value,10))?r=1e3:~~r<200&&(r=200),s.height=r):"link"===t.message&&(r=new URL(s.getAttribute("src")),n=new URL(t.value),c.test(n.protocol))&&n.host===r.host&&l.activeElement===s&&(d.top.location.href=t.value))}},d.addEventListener("message",d.wp.receiveEmbedMessage,!1),l.addEventListener("DOMContentLoaded",function(){for(var e,t,s=l.querySelectorAll("iframe.wp-embedded-content"),r=0;r<s.length;r++)(t=(e=s[r]).getAttribute("data-secret"))||(t=Math.random().toString(36).substring(2,12),e.src+="#?secret="+t,e.setAttribute("data-secret",t)),e.contentWindow.postMessage({message:"ready",secret:t},"*")},!1)))}(window,document);
//# sourceURL=https://www.info.valladolid.es/blog/wp-includes/js/wp-embed.min.js
/* ]]> */
</script>

La fachada del Colegio de San Gregorio, tan enigmática como hermosa, es una de las vistas más apreciadas de Valladolid. La profusión de detalles y la destreza demostrada en la creación de cada figura la asemeja a un retablo tallado en piedra. Impregnada de simbolismo, ha sido objeto de numerosas interpretaciones y controversias. Los interrogantes aún se mantienen latentes. ¿Qué significan los hombres peludos? ¿Es la fuente símbolo de juventud o de sabiduría? Vayamos por partes. En el primer cuerpo,  justo sobre la puerta y delimitado por arcos, aparece representado San Gregorio recibiendo una ofrenda de Fray Alonso de Burgos, fundador del Colegio y confesor personal de Isabel la Católica; mientras observan la escena San Pablo y Santo Domingo. La fachada nos recuerda constantemente la aportación de Alonso de Burgos al colegio a través de la flor de lis, el emblema del fraile, que aparece repetida hasta la saciedad. La parte central está ocupada por una gran fuente o pilón –seguramente, la fuente de la eterna juventud- a cuyo alrededor revolotean infinidad de angelillos italianos o puttis, un elemento ornamental típico del Renacimiento. Del agua brota un granado que ha dado lugar a diferentes interpretaciones: podría ser el árbol de la [&hellip;]
