{"version":"1.0","provider_name":"Blog Cultura y Turismo","provider_url":"https:\/\/www.info.valladolid.es\/blog","title":"'Mirillas' al pasado gremial de Valladolid - Blog Cultura y Turismo","type":"rich","width":600,"height":338,"html":"<blockquote class=\"wp-embedded-content\" data-secret=\"ygAYJ2H46a\"><a href=\"https:\/\/www.info.valladolid.es\/blog\/mirillas-plaza-mayor-valladolid\/\">&#8216;Mirillas&#8217; al pasado gremial de Valladolid<\/a><\/blockquote><iframe sandbox=\"allow-scripts\" security=\"restricted\" src=\"https:\/\/www.info.valladolid.es\/blog\/mirillas-plaza-mayor-valladolid\/embed\/#?secret=ygAYJ2H46a\" width=\"600\" height=\"338\" title=\"\u00ab&#8216;Mirillas&#8217; al pasado gremial de Valladolid\u00bb \u2014 Blog Cultura y Turismo\" data-secret=\"ygAYJ2H46a\" frameborder=\"0\" marginwidth=\"0\" marginheight=\"0\" scrolling=\"no\" class=\"wp-embedded-content\"><\/iframe><script type=\"text\/javascript\">\n\/* <![CDATA[ *\/\n\/*! This file is auto-generated *\/\n!function(d,l){\"use strict\";l.querySelector&&d.addEventListener&&\"undefined\"!=typeof URL&&(d.wp=d.wp||{},d.wp.receiveEmbedMessage||(d.wp.receiveEmbedMessage=function(e){var t=e.data;if((t||t.secret||t.message||t.value)&&!\/[^a-zA-Z0-9]\/.test(t.secret)){for(var s,r,n,a=l.querySelectorAll('iframe[data-secret=\"'+t.secret+'\"]'),o=l.querySelectorAll('blockquote[data-secret=\"'+t.secret+'\"]'),c=new RegExp(\"^https?:$\",\"i\"),i=0;i<o.length;i++)o[i].style.display=\"none\";for(i=0;i<a.length;i++)s=a[i],e.source===s.contentWindow&&(s.removeAttribute(\"style\"),\"height\"===t.message?(1e3<(r=parseInt(t.value,10))?r=1e3:~~r<200&&(r=200),s.height=r):\"link\"===t.message&&(r=new URL(s.getAttribute(\"src\")),n=new URL(t.value),c.test(n.protocol))&&n.host===r.host&&l.activeElement===s&&(d.top.location.href=t.value))}},d.addEventListener(\"message\",d.wp.receiveEmbedMessage,!1),l.addEventListener(\"DOMContentLoaded\",function(){for(var e,t,s=l.querySelectorAll(\"iframe.wp-embedded-content\"),r=0;r<s.length;r++)(t=(e=s[r]).getAttribute(\"data-secret\"))||(t=Math.random().toString(36).substring(2,12),e.src+=\"#?secret=\"+t,e.setAttribute(\"data-secret\",t)),e.contentWindow.postMessage({message:\"ready\",secret:t},\"*\")},!1)))}(window,document);\n\/\/# sourceURL=https:\/\/www.info.valladolid.es\/blog\/wp-includes\/js\/wp-embed.min.js\n\/* ]]> *\/\n<\/script>\n","thumbnail_url":"https:\/\/www.info.valladolid.es\/blog\/wp-content\/uploads\/2018\/04\/blog-mirillas.jpg","thumbnail_width":652,"thumbnail_height":526,"description":"Los vestigios de la \u00e9poca gremial que atesora el centro de Valladolid se salpican, desapercibidos para la mayor\u00eda, en rincones cuyos nombres recuerdan a la organizaci\u00f3n econ\u00f3mica de la villa durante el medievo. Es el caso de la calle Lencer\u00eda, junto a la que fue plaza del Mercado, de la calle de la Plater\u00eda, donde se establecieron los poderosos orfebres y plateros, o de callejones como el de Tornetos, que sobrevive como una huella casi intacta de siglos pasados. A mediados del siglo XIII se establece la plaza del Mercado, hoy Plaza Mayor, en la villa vallisoletana. A pocos metros de este epicentro comercial tom\u00f3 forma otra plazuela, que hoy conocemos como de la Fuente Dorada, pero que fue apodada por los vecinos como \u2018galliner\u00eda vieja\u2019, denominaci\u00f3n que, cuenta Agapito y Revilla, a\u00fan exist\u00eda en los primeros a\u00f1os del siglo XVII. Y es, precisamente, entre estos dos centros mercantiles donde pervive otra de las reliquias que evoca la intensa actividad artesana y comercial que bull\u00eda en este espacio siglos atr\u00e1s: las mirillas que se abren en los techos de los soportales de la Plaza Mayor, la calle de Ferrari y la plaza de la Fuente Dorada. Son pocos los \u2018ojos\u2019 [&hellip;]"}

Los vestigios de la época gremial que atesora el centro de Valladolid se salpican, desapercibidos para la mayoría, en rincones cuyos nombres recuerdan a la organización económica de la villa durante el medievo. Es el caso de la calle Lencería, junto a la que fue plaza del Mercado, de la calle de la Platería, donde se establecieron los poderosos orfebres y plateros, o de callejones como el de Tornetos, que sobrevive como una huella casi intacta de siglos pasados. A mediados del siglo XIII se establece la plaza del Mercado, hoy Plaza Mayor, en la villa vallisoletana. A pocos metros de este epicentro comercial tomó forma otra plazuela, que hoy conocemos como de la Fuente Dorada, pero que fue apodada por los vecinos como ‘gallinería vieja’, denominación que, cuenta Agapito y Revilla, aún existía en los primeros años del siglo XVII. Y es, precisamente, entre estos dos centros mercantiles donde pervive otra de las reliquias que evoca la intensa actividad artesana y comercial que bullía en este espacio siglos atrás: las mirillas que se abren en los techos de los soportales de la Plaza Mayor, la calle de Ferrari y la plaza de la Fuente Dorada. Son pocos los ‘ojos’ [&hellip;]
