{"version":"1.0","provider_name":"Blog Cultura y Turismo","provider_url":"https:\/\/www.info.valladolid.es\/blog","title":"El marqu\u00e9s de la Vega-Incl\u00e1n, vallisoletano que 'invent\u00f3' el turismo - Blog Cultura y Turismo","type":"rich","width":600,"height":338,"html":"<blockquote class=\"wp-embedded-content\" data-secret=\"1DM3TVFukC\"><a href=\"https:\/\/www.info.valladolid.es\/blog\/marques-de-la-vega-inclan\/\">El marqu\u00e9s de la Vega-Incl\u00e1n, vallisoletano que &#8216;invent\u00f3&#8217; el turismo<\/a><\/blockquote><iframe sandbox=\"allow-scripts\" security=\"restricted\" src=\"https:\/\/www.info.valladolid.es\/blog\/marques-de-la-vega-inclan\/embed\/#?secret=1DM3TVFukC\" width=\"600\" height=\"338\" title=\"\u00abEl marqu\u00e9s de la Vega-Incl\u00e1n, vallisoletano que &#8216;invent\u00f3&#8217; el turismo\u00bb \u2014 Blog Cultura y Turismo\" data-secret=\"1DM3TVFukC\" frameborder=\"0\" marginwidth=\"0\" marginheight=\"0\" scrolling=\"no\" class=\"wp-embedded-content\"><\/iframe><script type=\"text\/javascript\">\n\/* <![CDATA[ *\/\n\/*! This file is auto-generated *\/\n!function(d,l){\"use strict\";l.querySelector&&d.addEventListener&&\"undefined\"!=typeof URL&&(d.wp=d.wp||{},d.wp.receiveEmbedMessage||(d.wp.receiveEmbedMessage=function(e){var t=e.data;if((t||t.secret||t.message||t.value)&&!\/[^a-zA-Z0-9]\/.test(t.secret)){for(var s,r,n,a=l.querySelectorAll('iframe[data-secret=\"'+t.secret+'\"]'),o=l.querySelectorAll('blockquote[data-secret=\"'+t.secret+'\"]'),c=new RegExp(\"^https?:$\",\"i\"),i=0;i<o.length;i++)o[i].style.display=\"none\";for(i=0;i<a.length;i++)s=a[i],e.source===s.contentWindow&&(s.removeAttribute(\"style\"),\"height\"===t.message?(1e3<(r=parseInt(t.value,10))?r=1e3:~~r<200&&(r=200),s.height=r):\"link\"===t.message&&(r=new URL(s.getAttribute(\"src\")),n=new URL(t.value),c.test(n.protocol))&&n.host===r.host&&l.activeElement===s&&(d.top.location.href=t.value))}},d.addEventListener(\"message\",d.wp.receiveEmbedMessage,!1),l.addEventListener(\"DOMContentLoaded\",function(){for(var e,t,s=l.querySelectorAll(\"iframe.wp-embedded-content\"),r=0;r<s.length;r++)(t=(e=s[r]).getAttribute(\"data-secret\"))||(t=Math.random().toString(36).substring(2,12),e.src+=\"#?secret=\"+t,e.setAttribute(\"data-secret\",t)),e.contentWindow.postMessage({message:\"ready\",secret:t},\"*\")},!1)))}(window,document);\n\/\/# sourceURL=https:\/\/www.info.valladolid.es\/blog\/wp-includes\/js\/wp-embed.min.js\n\/* ]]> *\/\n<\/script>\n","thumbnail_url":"https:\/\/www.info.valladolid.es\/blog\/wp-content\/uploads\/2021\/06\/marques-vega-inclan-turismo.jpg","thumbnail_width":916,"thumbnail_height":641,"description":"Cuesta imaginar la gesti\u00f3n tur\u00edstica sin contemplar la promoci\u00f3n del patrimonio monumental, el paisaje y el entorno natural, su difusi\u00f3n en el extranjero o la preocupaci\u00f3n por la oferta hotelera. Estas bases, que sientan los pilares del turismo desde hace un siglo, son resultado de las aspiraciones de un vallisoletano, el marqu\u00e9s de la Vega-Incl\u00e1n. Nacido en Valladolid el 29 de junio de 1858 como Benigno Mariano Pedro Castro de la Vega-Incl\u00e1n y Flaquer el II marqu\u00e9s de la Vega-Incl\u00e1n, fue pionero de la gesti\u00f3n del turismo en Espa\u00f1a y uno de los principales valedores del destino nacional fuera de nuestras fronteras. A este vallisoletano le debemos, adem\u00e1s de su visionaria forma de entender el turismo, proyectos como la red de Paradores Nacionales, el Museo del Greco, el Museo del Romanticismo o el Museo Casa de Cervantes en Valladolid. Un&nbsp;devoto&nbsp;viajero Benigno se crio en la desaparecida casa Longa o del marqu\u00e9s de Revilla, en el n\u00famero 17 de la antigua calle de Francos, hoy calle de Juan Mambrilla. En el espacio que ocup\u00f3 este palacete se encuentra ahora el Colegio de la Compa\u00f1\u00eda de Mar\u00eda, como recuerda una placa conmemorativa instalada el 29 de junio de 2021. Se sabe que [&hellip;]"}

El marqués de la Vega-Inclán, vallisoletano que 'inventó' el turismo - Blog Cultura y Turismo

<blockquote class="wp-embedded-content" data-secret="1DM3TVFukC"><a href="https://www.info.valladolid.es/blog/marques-de-la-vega-inclan/">El marqués de la Vega-Inclán, vallisoletano que &#8216;inventó&#8217; el turismo</a></blockquote><iframe sandbox="allow-scripts" security="restricted" src="https://www.info.valladolid.es/blog/marques-de-la-vega-inclan/embed/#?secret=1DM3TVFukC" width="600" height="338" title="«El marqués de la Vega-Inclán, vallisoletano que &#8216;inventó&#8217; el turismo» — Blog Cultura y Turismo" data-secret="1DM3TVFukC" frameborder="0" marginwidth="0" marginheight="0" scrolling="no" class="wp-embedded-content"></iframe><script type="text/javascript">
/* <![CDATA[ */
/*! This file is auto-generated */
!function(d,l){"use strict";l.querySelector&&d.addEventListener&&"undefined"!=typeof URL&&(d.wp=d.wp||{},d.wp.receiveEmbedMessage||(d.wp.receiveEmbedMessage=function(e){var t=e.data;if((t||t.secret||t.message||t.value)&&!/[^a-zA-Z0-9]/.test(t.secret)){for(var s,r,n,a=l.querySelectorAll('iframe[data-secret="'+t.secret+'"]'),o=l.querySelectorAll('blockquote[data-secret="'+t.secret+'"]'),c=new RegExp("^https?:$","i"),i=0;i<o.length;i++)o[i].style.display="none";for(i=0;i<a.length;i++)s=a[i],e.source===s.contentWindow&&(s.removeAttribute("style"),"height"===t.message?(1e3<(r=parseInt(t.value,10))?r=1e3:~~r<200&&(r=200),s.height=r):"link"===t.message&&(r=new URL(s.getAttribute("src")),n=new URL(t.value),c.test(n.protocol))&&n.host===r.host&&l.activeElement===s&&(d.top.location.href=t.value))}},d.addEventListener("message",d.wp.receiveEmbedMessage,!1),l.addEventListener("DOMContentLoaded",function(){for(var e,t,s=l.querySelectorAll("iframe.wp-embedded-content"),r=0;r<s.length;r++)(t=(e=s[r]).getAttribute("data-secret"))||(t=Math.random().toString(36).substring(2,12),e.src+="#?secret="+t,e.setAttribute("data-secret",t)),e.contentWindow.postMessage({message:"ready",secret:t},"*")},!1)))}(window,document);
//# sourceURL=https://www.info.valladolid.es/blog/wp-includes/js/wp-embed.min.js
/* ]]> */
</script>

Cuesta imaginar la gestión turística sin contemplar la promoción del patrimonio monumental, el paisaje y el entorno natural, su difusión en el extranjero o la preocupación por la oferta hotelera. Estas bases, que sientan los pilares del turismo desde hace un siglo, son resultado de las aspiraciones de un vallisoletano, el marqués de la Vega-Inclán. Nacido en Valladolid el 29 de junio de 1858 como Benigno Mariano Pedro Castro de la Vega-Inclán y Flaquer el II marqués de la Vega-Inclán, fue pionero de la gestión del turismo en España y uno de los principales valedores del destino nacional fuera de nuestras fronteras. A este vallisoletano le debemos, además de su visionaria forma de entender el turismo, proyectos como la red de Paradores Nacionales, el Museo del Greco, el Museo del Romanticismo o el Museo Casa de Cervantes en Valladolid. Un&nbsp;devoto&nbsp;viajero Benigno se crio en la desaparecida casa Longa o del marqués de Revilla, en el número 17 de la antigua calle de Francos, hoy calle de Juan Mambrilla. En el espacio que ocupó este palacete se encuentra ahora el Colegio de la Compañía de María, como recuerda una placa conmemorativa instalada el 29 de junio de 2021. Se sabe que [&hellip;]
