{"version":"1.0","provider_name":"Blog Cultura y Turismo","provider_url":"https:\/\/www.info.valladolid.es\/blog","title":"Lo mejor de Seminci seg\u00fan los espectadores - Blog Cultura y Turismo","type":"rich","width":600,"height":338,"html":"<blockquote class=\"wp-embedded-content\" data-secret=\"o4fSTzRKbK\"><a href=\"https:\/\/www.info.valladolid.es\/blog\/lo-mejor-de-seminci-segun-los-espectadores\/\">Lo mejor de Seminci seg\u00fan los espectadores<\/a><\/blockquote><iframe sandbox=\"allow-scripts\" security=\"restricted\" src=\"https:\/\/www.info.valladolid.es\/blog\/lo-mejor-de-seminci-segun-los-espectadores\/embed\/#?secret=o4fSTzRKbK\" width=\"600\" height=\"338\" title=\"\u00abLo mejor de Seminci seg\u00fan los espectadores\u00bb \u2014 Blog Cultura y Turismo\" data-secret=\"o4fSTzRKbK\" frameborder=\"0\" marginwidth=\"0\" marginheight=\"0\" scrolling=\"no\" class=\"wp-embedded-content\"><\/iframe><script type=\"text\/javascript\">\n\/* <![CDATA[ *\/\n\/*! This file is auto-generated *\/\n!function(d,l){\"use strict\";l.querySelector&&d.addEventListener&&\"undefined\"!=typeof URL&&(d.wp=d.wp||{},d.wp.receiveEmbedMessage||(d.wp.receiveEmbedMessage=function(e){var t=e.data;if((t||t.secret||t.message||t.value)&&!\/[^a-zA-Z0-9]\/.test(t.secret)){for(var s,r,n,a=l.querySelectorAll('iframe[data-secret=\"'+t.secret+'\"]'),o=l.querySelectorAll('blockquote[data-secret=\"'+t.secret+'\"]'),c=new RegExp(\"^https?:$\",\"i\"),i=0;i<o.length;i++)o[i].style.display=\"none\";for(i=0;i<a.length;i++)s=a[i],e.source===s.contentWindow&&(s.removeAttribute(\"style\"),\"height\"===t.message?(1e3<(r=parseInt(t.value,10))?r=1e3:~~r<200&&(r=200),s.height=r):\"link\"===t.message&&(r=new URL(s.getAttribute(\"src\")),n=new URL(t.value),c.test(n.protocol))&&n.host===r.host&&l.activeElement===s&&(d.top.location.href=t.value))}},d.addEventListener(\"message\",d.wp.receiveEmbedMessage,!1),l.addEventListener(\"DOMContentLoaded\",function(){for(var e,t,s=l.querySelectorAll(\"iframe.wp-embedded-content\"),r=0;r<s.length;r++)(t=(e=s[r]).getAttribute(\"data-secret\"))||(t=Math.random().toString(36).substring(2,12),e.src+=\"#?secret=\"+t,e.setAttribute(\"data-secret\",t)),e.contentWindow.postMessage({message:\"ready\",secret:t},\"*\")},!1)))}(window,document);\n\/\/# sourceURL=https:\/\/www.info.valladolid.es\/blog\/wp-includes\/js\/wp-embed.min.js\n\/* ]]> *\/\n<\/script>\n","thumbnail_url":"https:\/\/www.info.valladolid.es\/blog\/wp-content\/uploads\/2016\/10\/carteles-seminci-1.jpg","thumbnail_width":520,"thumbnail_height":400,"description":"Cada a\u00f1o recibimos un torrente de opiniones acerca de la programaci\u00f3n de Seminci. A las inevitables quinielas se suelen sumar las amables discusiones que echan la vista atr\u00e1s. \u00bfCu\u00e1l es la mejor pel\u00edcula que ha pasado por la Seminci? \u00bfDe qu\u00e9 cartel te acuerdas? Recuperamos los datos de dos encuestas para conocer la opini\u00f3n de los vallisoletanos -y, de paso, comprobamos que no coinciden con la cr\u00edtica-. Y t\u00fa, \u00bfcoincides con estos &#8216;diez imprescindibles&#8217;?. En 2015 se realiz\u00f3 una encuesta para elegir la mejor pel\u00edcula proyectada en Seminci: la elegida fue&nbsp;R\u00e9quiem por un sue\u00f1o (Darren Aronofsky, 2000). Aunque arras\u00f3 en la encuesta, el jurado de ese a\u00f1o no lo tuvo tan claro:&nbsp;la pel\u00edcula comparti\u00f3 la Espiga de Oro&nbsp;con La ville est tranquille (La ciudad est\u00e1 tranquila), de Robert Gu\u00e9diguian. La plata en este curioso podio es, por empate, para El s\u00e9ptimo sello (Ingmar Bergman, 1960) e Hierro 3 (Kim Ki-duk, 2004). El filme del sueco gan\u00f3 el L\u00e1baro de Oro, un galard\u00f3n que conviv\u00eda, por aquel entonces, con la Espiga. El del coreano, por supuesto, tambi\u00e9n logr\u00f3 &#8216;su oro&#8217; en el festival. El tercer puesto&nbsp;se lo lleva&nbsp;La tercera posici\u00f3n ha sido para la cinta israel\u00ed La fiesta de despedida (Sharon [&hellip;]"}

Lo mejor de Seminci según los espectadores - Blog Cultura y Turismo

<blockquote class="wp-embedded-content" data-secret="o4fSTzRKbK"><a href="https://www.info.valladolid.es/blog/lo-mejor-de-seminci-segun-los-espectadores/">Lo mejor de Seminci según los espectadores</a></blockquote><iframe sandbox="allow-scripts" security="restricted" src="https://www.info.valladolid.es/blog/lo-mejor-de-seminci-segun-los-espectadores/embed/#?secret=o4fSTzRKbK" width="600" height="338" title="«Lo mejor de Seminci según los espectadores» — Blog Cultura y Turismo" data-secret="o4fSTzRKbK" frameborder="0" marginwidth="0" marginheight="0" scrolling="no" class="wp-embedded-content"></iframe><script type="text/javascript">
/* <![CDATA[ */
/*! This file is auto-generated */
!function(d,l){"use strict";l.querySelector&&d.addEventListener&&"undefined"!=typeof URL&&(d.wp=d.wp||{},d.wp.receiveEmbedMessage||(d.wp.receiveEmbedMessage=function(e){var t=e.data;if((t||t.secret||t.message||t.value)&&!/[^a-zA-Z0-9]/.test(t.secret)){for(var s,r,n,a=l.querySelectorAll('iframe[data-secret="'+t.secret+'"]'),o=l.querySelectorAll('blockquote[data-secret="'+t.secret+'"]'),c=new RegExp("^https?:$","i"),i=0;i<o.length;i++)o[i].style.display="none";for(i=0;i<a.length;i++)s=a[i],e.source===s.contentWindow&&(s.removeAttribute("style"),"height"===t.message?(1e3<(r=parseInt(t.value,10))?r=1e3:~~r<200&&(r=200),s.height=r):"link"===t.message&&(r=new URL(s.getAttribute("src")),n=new URL(t.value),c.test(n.protocol))&&n.host===r.host&&l.activeElement===s&&(d.top.location.href=t.value))}},d.addEventListener("message",d.wp.receiveEmbedMessage,!1),l.addEventListener("DOMContentLoaded",function(){for(var e,t,s=l.querySelectorAll("iframe.wp-embedded-content"),r=0;r<s.length;r++)(t=(e=s[r]).getAttribute("data-secret"))||(t=Math.random().toString(36).substring(2,12),e.src+="#?secret="+t,e.setAttribute("data-secret",t)),e.contentWindow.postMessage({message:"ready",secret:t},"*")},!1)))}(window,document);
//# sourceURL=https://www.info.valladolid.es/blog/wp-includes/js/wp-embed.min.js
/* ]]> */
</script>

Cada año recibimos un torrente de opiniones acerca de la programación de Seminci. A las inevitables quinielas se suelen sumar las amables discusiones que echan la vista atrás. ¿Cuál es la mejor película que ha pasado por la Seminci? ¿De qué cartel te acuerdas? Recuperamos los datos de dos encuestas para conocer la opinión de los vallisoletanos -y, de paso, comprobamos que no coinciden con la crítica-. Y tú, ¿coincides con estos &#8216;diez imprescindibles&#8217;?. En 2015 se realizó una encuesta para elegir la mejor película proyectada en Seminci: la elegida fue&nbsp;Réquiem por un sueño (Darren Aronofsky, 2000). Aunque arrasó en la encuesta, el jurado de ese año no lo tuvo tan claro:&nbsp;la película compartió la Espiga de Oro&nbsp;con La ville est tranquille (La ciudad está tranquila), de Robert Guédiguian. La plata en este curioso podio es, por empate, para El séptimo sello (Ingmar Bergman, 1960) e Hierro 3 (Kim Ki-duk, 2004). El filme del sueco ganó el Lábaro de Oro, un galardón que convivía, por aquel entonces, con la Espiga. El del coreano, por supuesto, también logró &#8216;su oro&#8217; en el festival. El tercer puesto&nbsp;se lo lleva&nbsp;La tercera posición ha sido para la cinta israelí La fiesta de despedida (Sharon [&hellip;]
