{"version":"1.0","provider_name":"Blog Cultura y Turismo","provider_url":"https:\/\/www.info.valladolid.es\/blog","title":"La leyenda del sill\u00f3n del diablo - Blog Cultura y Turismo","type":"rich","width":600,"height":338,"html":"<blockquote class=\"wp-embedded-content\" data-secret=\"x5D9S42H3o\"><a href=\"https:\/\/www.info.valladolid.es\/blog\/la-leyenda-del-sillon-del-diablo\/\">La leyenda del sill\u00f3n del diablo<\/a><\/blockquote><iframe sandbox=\"allow-scripts\" security=\"restricted\" src=\"https:\/\/www.info.valladolid.es\/blog\/la-leyenda-del-sillon-del-diablo\/embed\/#?secret=x5D9S42H3o\" width=\"600\" height=\"338\" title=\"\u00abLa leyenda del sill\u00f3n del diablo\u00bb \u2014 Blog Cultura y Turismo\" data-secret=\"x5D9S42H3o\" frameborder=\"0\" marginwidth=\"0\" marginheight=\"0\" scrolling=\"no\" class=\"wp-embedded-content\"><\/iframe><script type=\"text\/javascript\">\n\/* <![CDATA[ *\/\n\/*! This file is auto-generated *\/\n!function(d,l){\"use strict\";l.querySelector&&d.addEventListener&&\"undefined\"!=typeof URL&&(d.wp=d.wp||{},d.wp.receiveEmbedMessage||(d.wp.receiveEmbedMessage=function(e){var t=e.data;if((t||t.secret||t.message||t.value)&&!\/[^a-zA-Z0-9]\/.test(t.secret)){for(var s,r,n,a=l.querySelectorAll('iframe[data-secret=\"'+t.secret+'\"]'),o=l.querySelectorAll('blockquote[data-secret=\"'+t.secret+'\"]'),c=new RegExp(\"^https?:$\",\"i\"),i=0;i<o.length;i++)o[i].style.display=\"none\";for(i=0;i<a.length;i++)s=a[i],e.source===s.contentWindow&&(s.removeAttribute(\"style\"),\"height\"===t.message?(1e3<(r=parseInt(t.value,10))?r=1e3:~~r<200&&(r=200),s.height=r):\"link\"===t.message&&(r=new URL(s.getAttribute(\"src\")),n=new URL(t.value),c.test(n.protocol))&&n.host===r.host&&l.activeElement===s&&(d.top.location.href=t.value))}},d.addEventListener(\"message\",d.wp.receiveEmbedMessage,!1),l.addEventListener(\"DOMContentLoaded\",function(){for(var e,t,s=l.querySelectorAll(\"iframe.wp-embedded-content\"),r=0;r<s.length;r++)(t=(e=s[r]).getAttribute(\"data-secret\"))||(t=Math.random().toString(36).substring(2,12),e.src+=\"#?secret=\"+t,e.setAttribute(\"data-secret\",t)),e.contentWindow.postMessage({message:\"ready\",secret:t},\"*\")},!1)))}(window,document);\n\/\/# sourceURL=https:\/\/www.info.valladolid.es\/blog\/wp-includes\/js\/wp-embed.min.js\n\/* ]]> *\/\n<\/script>\n","thumbnail_url":"https:\/\/www.info.valladolid.es\/blog\/wp-content\/uploads\/2020\/05\/blog-sillon-diablo.jpg","thumbnail_width":900,"thumbnail_height":675,"description":"Uno de los acontecimientos m\u00e1s relevantes en la historia de la Medicina de nuestro pa\u00eds tuvo lugar en Valladolid. La Universidad de la ciudad recibi\u00f3 en 1550 al m\u00e9dico Alfonso Rodr\u00edguez de Guevara, quien hab\u00eda aprendido anatom\u00eda en Italia, para ofrecer un curso acerca de esta materia. Contaba entre sus estudiantes con el joven portugu\u00e9s Andr\u00e9s de Proaza, quien manifestaba un desmedido inter\u00e9s por el estudio del cuerpo humano. Dice la leyenda que pronto demostr\u00f3 unas dotes superiores, incluso, a las de su maestro. Pese a la admiraci\u00f3n de la que era objeto en la universidad, los vecinos del portugu\u00e9s recelaban de sus pr\u00e1cticas. Se rumoreaba que practicaba la magia negra. Pronto comenz\u00f3 a decirse que por las noches se o\u00edan extra\u00f1os lamentos y gemidos provenientes de su habitaci\u00f3n. En este tiempo desapareci\u00f3 en la villa un ni\u00f1o de nueve a\u00f1os. Preocupados, los vecinos alertaron de los llantos que escuchaban y de que el agua que esa casa vert\u00eda al cauce del Esgueva ten\u00eda un peculiar color rojizo. Las autoridades toparon con una de las escenas m\u00e1s macabras que recuerda la ciudad. Baste decir que el pobre ni\u00f1o fue utilizado para el estudio anat\u00f3mico del portugu\u00e9s. El Tribunal del Santo [&hellip;]"}

La leyenda del sillón del diablo - Blog Cultura y Turismo

<blockquote class="wp-embedded-content" data-secret="x5D9S42H3o"><a href="https://www.info.valladolid.es/blog/la-leyenda-del-sillon-del-diablo/">La leyenda del sillón del diablo</a></blockquote><iframe sandbox="allow-scripts" security="restricted" src="https://www.info.valladolid.es/blog/la-leyenda-del-sillon-del-diablo/embed/#?secret=x5D9S42H3o" width="600" height="338" title="«La leyenda del sillón del diablo» — Blog Cultura y Turismo" data-secret="x5D9S42H3o" frameborder="0" marginwidth="0" marginheight="0" scrolling="no" class="wp-embedded-content"></iframe><script type="text/javascript">
/* <![CDATA[ */
/*! This file is auto-generated */
!function(d,l){"use strict";l.querySelector&&d.addEventListener&&"undefined"!=typeof URL&&(d.wp=d.wp||{},d.wp.receiveEmbedMessage||(d.wp.receiveEmbedMessage=function(e){var t=e.data;if((t||t.secret||t.message||t.value)&&!/[^a-zA-Z0-9]/.test(t.secret)){for(var s,r,n,a=l.querySelectorAll('iframe[data-secret="'+t.secret+'"]'),o=l.querySelectorAll('blockquote[data-secret="'+t.secret+'"]'),c=new RegExp("^https?:$","i"),i=0;i<o.length;i++)o[i].style.display="none";for(i=0;i<a.length;i++)s=a[i],e.source===s.contentWindow&&(s.removeAttribute("style"),"height"===t.message?(1e3<(r=parseInt(t.value,10))?r=1e3:~~r<200&&(r=200),s.height=r):"link"===t.message&&(r=new URL(s.getAttribute("src")),n=new URL(t.value),c.test(n.protocol))&&n.host===r.host&&l.activeElement===s&&(d.top.location.href=t.value))}},d.addEventListener("message",d.wp.receiveEmbedMessage,!1),l.addEventListener("DOMContentLoaded",function(){for(var e,t,s=l.querySelectorAll("iframe.wp-embedded-content"),r=0;r<s.length;r++)(t=(e=s[r]).getAttribute("data-secret"))||(t=Math.random().toString(36).substring(2,12),e.src+="#?secret="+t,e.setAttribute("data-secret",t)),e.contentWindow.postMessage({message:"ready",secret:t},"*")},!1)))}(window,document);
//# sourceURL=https://www.info.valladolid.es/blog/wp-includes/js/wp-embed.min.js
/* ]]> */
</script>

Uno de los acontecimientos más relevantes en la historia de la Medicina de nuestro país tuvo lugar en Valladolid. La Universidad de la ciudad recibió en 1550 al médico Alfonso Rodríguez de Guevara, quien había aprendido anatomía en Italia, para ofrecer un curso acerca de esta materia. Contaba entre sus estudiantes con el joven portugués Andrés de Proaza, quien manifestaba un desmedido interés por el estudio del cuerpo humano. Dice la leyenda que pronto demostró unas dotes superiores, incluso, a las de su maestro. Pese a la admiración de la que era objeto en la universidad, los vecinos del portugués recelaban de sus prácticas. Se rumoreaba que practicaba la magia negra. Pronto comenzó a decirse que por las noches se oían extraños lamentos y gemidos provenientes de su habitación. En este tiempo desapareció en la villa un niño de nueve años. Preocupados, los vecinos alertaron de los llantos que escuchaban y de que el agua que esa casa vertía al cauce del Esgueva tenía un peculiar color rojizo. Las autoridades toparon con una de las escenas más macabras que recuerda la ciudad. Baste decir que el pobre niño fue utilizado para el estudio anatómico del portugués. El Tribunal del Santo [&hellip;]
