{"version":"1.0","provider_name":"Blog Cultura y Turismo","provider_url":"https:\/\/www.info.valladolid.es\/blog","title":"La firma detr\u00e1s de 'Tiempos Salvajes' - Blog Cultura y Turismo","type":"rich","width":600,"height":338,"html":"<blockquote class=\"wp-embedded-content\" data-secret=\"8iDcPy9ofO\"><a href=\"https:\/\/www.info.valladolid.es\/blog\/la-firma-detras-de-tiempos-salvajes\/\">La firma detr\u00e1s de &#8216;Tiempos Salvajes&#8217;<\/a><\/blockquote><iframe sandbox=\"allow-scripts\" security=\"restricted\" src=\"https:\/\/www.info.valladolid.es\/blog\/la-firma-detras-de-tiempos-salvajes\/embed\/#?secret=8iDcPy9ofO\" width=\"600\" height=\"338\" title=\"\u00abLa firma detr\u00e1s de &#8216;Tiempos Salvajes&#8217;\u00bb \u2014 Blog Cultura y Turismo\" data-secret=\"8iDcPy9ofO\" frameborder=\"0\" marginwidth=\"0\" marginheight=\"0\" scrolling=\"no\" class=\"wp-embedded-content\"><\/iframe><script type=\"text\/javascript\">\n\/* <![CDATA[ *\/\n\/*! This file is auto-generated *\/\n!function(d,l){\"use strict\";l.querySelector&&d.addEventListener&&\"undefined\"!=typeof URL&&(d.wp=d.wp||{},d.wp.receiveEmbedMessage||(d.wp.receiveEmbedMessage=function(e){var t=e.data;if((t||t.secret||t.message||t.value)&&!\/[^a-zA-Z0-9]\/.test(t.secret)){for(var s,r,n,a=l.querySelectorAll('iframe[data-secret=\"'+t.secret+'\"]'),o=l.querySelectorAll('blockquote[data-secret=\"'+t.secret+'\"]'),c=new RegExp(\"^https?:$\",\"i\"),i=0;i<o.length;i++)o[i].style.display=\"none\";for(i=0;i<a.length;i++)s=a[i],e.source===s.contentWindow&&(s.removeAttribute(\"style\"),\"height\"===t.message?(1e3<(r=parseInt(t.value,10))?r=1e3:~~r<200&&(r=200),s.height=r):\"link\"===t.message&&(r=new URL(s.getAttribute(\"src\")),n=new URL(t.value),c.test(n.protocol))&&n.host===r.host&&l.activeElement===s&&(d.top.location.href=t.value))}},d.addEventListener(\"message\",d.wp.receiveEmbedMessage,!1),l.addEventListener(\"DOMContentLoaded\",function(){for(var e,t,s=l.querySelectorAll(\"iframe.wp-embedded-content\"),r=0;r<s.length;r++)(t=(e=s[r]).getAttribute(\"data-secret\"))||(t=Math.random().toString(36).substring(2,12),e.src+=\"#?secret=\"+t,e.setAttribute(\"data-secret\",t)),e.contentWindow.postMessage({message:\"ready\",secret:t},\"*\")},!1)))}(window,document);\n\/\/# sourceURL=https:\/\/www.info.valladolid.es\/blog\/wp-includes\/js\/wp-embed.min.js\n\/* ]]> *\/\n<\/script>\n","description":"Todas las colecciones de arte tienen un hilo conductor. En el caso de la colecci\u00f3n &#8216;Tiempos salvajes&#8217;, el moldeado tiene como l\u00edneas maestras la uni\u00f3n, el amparo de la expresi\u00f3n personal, y, sobre todo, la defensa de todo tipo de manifestaci\u00f3n art\u00edstica. La historia de &#8216;Tiempos salvajes&#8217;, exposici\u00f3n que acoge el Centro C\u00edvico Rondilla hasta el d\u00eda 15 de marzo, tiene su origen en los primeros d\u00edas del verano de 2013, cuando media docena de pintores comienzan a reunirse, cada semana, con modelos an\u00f3nimos para capturar posados en un ambiente que mezcla tantos tipos de t\u00e9cnicas y estilos como de conversaciones. Con la estaci\u00f3n del calor por excelencia pasan los d\u00edas, los locales que no terminan de cuajar con sus intereses y los artistas que s\u00ed lo hacen. La cafeter\u00eda Esquilache se convierte en su centro de referencia, que cada mi\u00e9rcoles acoge a medio centenar de pintores. Ha nacido el grupo &#8216;Guardar Como&#8217;, un colectivo que decide admitir en su escenario de lienzos y pinceles todo tipo de disciplina art\u00edstica. Consecuentes con su ideal multidisciplinario, comienzan a realizar sesiones po\u00e9ticas de forma mensual: son los llamados &#8216;Per-Versos&#8217;, en los que el p\u00fablico participa en rondas abiertas y asiste a presentaciones [&hellip;]","thumbnail_url":"http:\/\/www.info.valladolid.es\/blog\/wp-content\/uploads\/2014\/03\/tiempos-salvajes1-300x219.jpg"}

La firma detrás de 'Tiempos Salvajes' - Blog Cultura y Turismo

<blockquote class="wp-embedded-content" data-secret="8iDcPy9ofO"><a href="https://www.info.valladolid.es/blog/la-firma-detras-de-tiempos-salvajes/">La firma detrás de &#8216;Tiempos Salvajes&#8217;</a></blockquote><iframe sandbox="allow-scripts" security="restricted" src="https://www.info.valladolid.es/blog/la-firma-detras-de-tiempos-salvajes/embed/#?secret=8iDcPy9ofO" width="600" height="338" title="«La firma detrás de &#8216;Tiempos Salvajes&#8217;» — Blog Cultura y Turismo" data-secret="8iDcPy9ofO" frameborder="0" marginwidth="0" marginheight="0" scrolling="no" class="wp-embedded-content"></iframe><script type="text/javascript">
/* <![CDATA[ */
/*! This file is auto-generated */
!function(d,l){"use strict";l.querySelector&&d.addEventListener&&"undefined"!=typeof URL&&(d.wp=d.wp||{},d.wp.receiveEmbedMessage||(d.wp.receiveEmbedMessage=function(e){var t=e.data;if((t||t.secret||t.message||t.value)&&!/[^a-zA-Z0-9]/.test(t.secret)){for(var s,r,n,a=l.querySelectorAll('iframe[data-secret="'+t.secret+'"]'),o=l.querySelectorAll('blockquote[data-secret="'+t.secret+'"]'),c=new RegExp("^https?:$","i"),i=0;i<o.length;i++)o[i].style.display="none";for(i=0;i<a.length;i++)s=a[i],e.source===s.contentWindow&&(s.removeAttribute("style"),"height"===t.message?(1e3<(r=parseInt(t.value,10))?r=1e3:~~r<200&&(r=200),s.height=r):"link"===t.message&&(r=new URL(s.getAttribute("src")),n=new URL(t.value),c.test(n.protocol))&&n.host===r.host&&l.activeElement===s&&(d.top.location.href=t.value))}},d.addEventListener("message",d.wp.receiveEmbedMessage,!1),l.addEventListener("DOMContentLoaded",function(){for(var e,t,s=l.querySelectorAll("iframe.wp-embedded-content"),r=0;r<s.length;r++)(t=(e=s[r]).getAttribute("data-secret"))||(t=Math.random().toString(36).substring(2,12),e.src+="#?secret="+t,e.setAttribute("data-secret",t)),e.contentWindow.postMessage({message:"ready",secret:t},"*")},!1)))}(window,document);
//# sourceURL=https://www.info.valladolid.es/blog/wp-includes/js/wp-embed.min.js
/* ]]> */
</script>

Todas las colecciones de arte tienen un hilo conductor. En el caso de la colección &#8216;Tiempos salvajes&#8217;, el moldeado tiene como líneas maestras la unión, el amparo de la expresión personal, y, sobre todo, la defensa de todo tipo de manifestación artística. La historia de &#8216;Tiempos salvajes&#8217;, exposición que acoge el Centro Cívico Rondilla hasta el día 15 de marzo, tiene su origen en los primeros días del verano de 2013, cuando media docena de pintores comienzan a reunirse, cada semana, con modelos anónimos para capturar posados en un ambiente que mezcla tantos tipos de técnicas y estilos como de conversaciones. Con la estación del calor por excelencia pasan los días, los locales que no terminan de cuajar con sus intereses y los artistas que sí lo hacen. La cafetería Esquilache se convierte en su centro de referencia, que cada miércoles acoge a medio centenar de pintores. Ha nacido el grupo &#8216;Guardar Como&#8217;, un colectivo que decide admitir en su escenario de lienzos y pinceles todo tipo de disciplina artística. Consecuentes con su ideal multidisciplinario, comienzan a realizar sesiones poéticas de forma mensual: son los llamados &#8216;Per-Versos&#8217;, en los que el público participa en rondas abiertas y asiste a presentaciones [&hellip;]
