{"version":"1.0","provider_name":"Blog Cultura y Turismo","provider_url":"https:\/\/www.info.valladolid.es\/blog","title":"Exposici\u00f3n 'Los a\u00f1os vividos'. Fotograf\u00edas de Javier Porto. - Blog Cultura y Turismo","type":"rich","width":600,"height":338,"html":"<blockquote class=\"wp-embedded-content\" data-secret=\"jZ4gOxN6il\"><a href=\"https:\/\/www.info.valladolid.es\/blog\/fotografias-javier-porto\/\">Exposici\u00f3n &#8216;Los a\u00f1os vividos&#8217;. Fotograf\u00edas de Javier Porto.<\/a><\/blockquote><iframe sandbox=\"allow-scripts\" security=\"restricted\" src=\"https:\/\/www.info.valladolid.es\/blog\/fotografias-javier-porto\/embed\/#?secret=jZ4gOxN6il\" width=\"600\" height=\"338\" title=\"\u00abExposici\u00f3n &#8216;Los a\u00f1os vividos&#8217;. Fotograf\u00edas de Javier Porto.\u00bb \u2014 Blog Cultura y Turismo\" data-secret=\"jZ4gOxN6il\" frameborder=\"0\" marginwidth=\"0\" marginheight=\"0\" scrolling=\"no\" class=\"wp-embedded-content\"><\/iframe><script type=\"text\/javascript\">\n\/* <![CDATA[ *\/\n\/*! This file is auto-generated *\/\n!function(d,l){\"use strict\";l.querySelector&&d.addEventListener&&\"undefined\"!=typeof URL&&(d.wp=d.wp||{},d.wp.receiveEmbedMessage||(d.wp.receiveEmbedMessage=function(e){var t=e.data;if((t||t.secret||t.message||t.value)&&!\/[^a-zA-Z0-9]\/.test(t.secret)){for(var s,r,n,a=l.querySelectorAll('iframe[data-secret=\"'+t.secret+'\"]'),o=l.querySelectorAll('blockquote[data-secret=\"'+t.secret+'\"]'),c=new RegExp(\"^https?:$\",\"i\"),i=0;i<o.length;i++)o[i].style.display=\"none\";for(i=0;i<a.length;i++)s=a[i],e.source===s.contentWindow&&(s.removeAttribute(\"style\"),\"height\"===t.message?(1e3<(r=parseInt(t.value,10))?r=1e3:~~r<200&&(r=200),s.height=r):\"link\"===t.message&&(r=new URL(s.getAttribute(\"src\")),n=new URL(t.value),c.test(n.protocol))&&n.host===r.host&&l.activeElement===s&&(d.top.location.href=t.value))}},d.addEventListener(\"message\",d.wp.receiveEmbedMessage,!1),l.addEventListener(\"DOMContentLoaded\",function(){for(var e,t,s=l.querySelectorAll(\"iframe.wp-embedded-content\"),r=0;r<s.length;r++)(t=(e=s[r]).getAttribute(\"data-secret\"))||(t=Math.random().toString(36).substring(2,12),e.src+=\"#?secret=\"+t,e.setAttribute(\"data-secret\",t)),e.contentWindow.postMessage({message:\"ready\",secret:t},\"*\")},!1)))}(window,document);\n\/\/# sourceURL=https:\/\/www.info.valladolid.es\/blog\/wp-includes\/js\/wp-embed.min.js\n\/* ]]> *\/\n<\/script>\n","thumbnail_url":"https:\/\/www.info.valladolid.es\/blog\/wp-content\/uploads\/2020\/06\/JAVIER-PORTO.-Blanca-y-Pedro.jpg","thumbnail_width":600,"thumbnail_height":398,"description":"En la Sala Municipal de Exposiciones de Las Francesas. De martes a domingo y festivos, de 12 a 14 y de 18.30 a 21.30 horas. Entrada gratuita. Comisariada por Pablo Sycet Torres. Entrada gratuita. Llega a Valladolid la exposici\u00f3n \u201cLos a\u00f1os vividos\u201d; medio centenar de instant\u00e1neas, a modo de cr\u00f3nica de un tiempo pasado desde la lente del fot\u00f3grafo madrile\u00f1o Javier Porto. Precisamente por esos cuestionamientos del propio presente reducido a mero espect\u00e1culo alejado de \u00abla realidad\u00bb, por esa pura espectacularizaci\u00f3n y mascadara de la \u00abjoven\u00bb y \u00abnueva\u00bb Espa\u00f1a, democr\u00e1tica y cosmopolita en sus renovadas aspiraciones, y por la utilizaci\u00f3n de las mismas por parte de la oficialidad del momento,precisamente, como \u00abnueva imagen de Espa\u00f1a\u00bb, a nivel documental, estas fotograf\u00edas, desarticuladas de la historia del medio y de la historia pol\u00edtica y social de la Espa\u00f1a de la Transici\u00f3n no pueden presentarse sino, citando a Barthes, como \u00abcertificados de presencia\u00bb o, lo que viene a ser lo mismo, de ausencia; de los \u00abya muertos (muertos ayer)\u00bb, que no pueden ser vistos \u2014como la Movida misma, tambi\u00e9n imagen irreal,puro espect\u00e1culo y m\u00e1scara vac\u00eda de una supuesta \u00abidentidad espa\u00f1ola\u00bb\u2014, sino como verdaderos fantasmas. Como sucede con los muertos a los que no [&hellip;]"}

Exposición 'Los años vividos'. Fotografías de Javier Porto. - Blog Cultura y Turismo

<blockquote class="wp-embedded-content" data-secret="jZ4gOxN6il"><a href="https://www.info.valladolid.es/blog/fotografias-javier-porto/">Exposición &#8216;Los años vividos&#8217;. Fotografías de Javier Porto.</a></blockquote><iframe sandbox="allow-scripts" security="restricted" src="https://www.info.valladolid.es/blog/fotografias-javier-porto/embed/#?secret=jZ4gOxN6il" width="600" height="338" title="«Exposición &#8216;Los años vividos&#8217;. Fotografías de Javier Porto.» — Blog Cultura y Turismo" data-secret="jZ4gOxN6il" frameborder="0" marginwidth="0" marginheight="0" scrolling="no" class="wp-embedded-content"></iframe><script type="text/javascript">
/* <![CDATA[ */
/*! This file is auto-generated */
!function(d,l){"use strict";l.querySelector&&d.addEventListener&&"undefined"!=typeof URL&&(d.wp=d.wp||{},d.wp.receiveEmbedMessage||(d.wp.receiveEmbedMessage=function(e){var t=e.data;if((t||t.secret||t.message||t.value)&&!/[^a-zA-Z0-9]/.test(t.secret)){for(var s,r,n,a=l.querySelectorAll('iframe[data-secret="'+t.secret+'"]'),o=l.querySelectorAll('blockquote[data-secret="'+t.secret+'"]'),c=new RegExp("^https?:$","i"),i=0;i<o.length;i++)o[i].style.display="none";for(i=0;i<a.length;i++)s=a[i],e.source===s.contentWindow&&(s.removeAttribute("style"),"height"===t.message?(1e3<(r=parseInt(t.value,10))?r=1e3:~~r<200&&(r=200),s.height=r):"link"===t.message&&(r=new URL(s.getAttribute("src")),n=new URL(t.value),c.test(n.protocol))&&n.host===r.host&&l.activeElement===s&&(d.top.location.href=t.value))}},d.addEventListener("message",d.wp.receiveEmbedMessage,!1),l.addEventListener("DOMContentLoaded",function(){for(var e,t,s=l.querySelectorAll("iframe.wp-embedded-content"),r=0;r<s.length;r++)(t=(e=s[r]).getAttribute("data-secret"))||(t=Math.random().toString(36).substring(2,12),e.src+="#?secret="+t,e.setAttribute("data-secret",t)),e.contentWindow.postMessage({message:"ready",secret:t},"*")},!1)))}(window,document);
//# sourceURL=https://www.info.valladolid.es/blog/wp-includes/js/wp-embed.min.js
/* ]]> */
</script>

En la Sala Municipal de Exposiciones de Las Francesas. De martes a domingo y festivos, de 12 a 14 y de 18.30 a 21.30 horas. Entrada gratuita. Comisariada por Pablo Sycet Torres. Entrada gratuita. Llega a Valladolid la exposición “Los años vividos”; medio centenar de instantáneas, a modo de crónica de un tiempo pasado desde la lente del fotógrafo madrileño Javier Porto. Precisamente por esos cuestionamientos del propio presente reducido a mero espectáculo alejado de «la realidad», por esa pura espectacularización y mascadara de la «joven» y «nueva» España, democrática y cosmopolita en sus renovadas aspiraciones, y por la utilización de las mismas por parte de la oficialidad del momento,precisamente, como «nueva imagen de España», a nivel documental, estas fotografías, desarticuladas de la historia del medio y de la historia política y social de la España de la Transición no pueden presentarse sino, citando a Barthes, como «certificados de presencia» o, lo que viene a ser lo mismo, de ausencia; de los «ya muertos (muertos ayer)», que no pueden ser vistos —como la Movida misma, también imagen irreal,puro espectáculo y máscara vacía de una supuesta «identidad española»—, sino como verdaderos fantasmas. Como sucede con los muertos a los que no [&hellip;]
