{"version":"1.0","provider_name":"Blog Cultura y Turismo","provider_url":"https:\/\/www.info.valladolid.es\/blog","title":"M\u00e1s all\u00e1 de las fronteras - Blog Cultura y Turismo","type":"rich","width":600,"height":338,"html":"<blockquote class=\"wp-embedded-content\" data-secret=\"KbG6OM2Isq\"><a href=\"https:\/\/www.info.valladolid.es\/blog\/exposicion_fronteras_patio_herreriano\/\">M\u00e1s all\u00e1 de las fronteras<\/a><\/blockquote><iframe sandbox=\"allow-scripts\" security=\"restricted\" src=\"https:\/\/www.info.valladolid.es\/blog\/exposicion_fronteras_patio_herreriano\/embed\/#?secret=KbG6OM2Isq\" width=\"600\" height=\"338\" title=\"\u00abM\u00e1s all\u00e1 de las fronteras\u00bb \u2014 Blog Cultura y Turismo\" data-secret=\"KbG6OM2Isq\" frameborder=\"0\" marginwidth=\"0\" marginheight=\"0\" scrolling=\"no\" class=\"wp-embedded-content\"><\/iframe><script type=\"text\/javascript\">\n\/* <![CDATA[ *\/\n\/*! This file is auto-generated *\/\n!function(d,l){\"use strict\";l.querySelector&&d.addEventListener&&\"undefined\"!=typeof URL&&(d.wp=d.wp||{},d.wp.receiveEmbedMessage||(d.wp.receiveEmbedMessage=function(e){var t=e.data;if((t||t.secret||t.message||t.value)&&!\/[^a-zA-Z0-9]\/.test(t.secret)){for(var s,r,n,a=l.querySelectorAll('iframe[data-secret=\"'+t.secret+'\"]'),o=l.querySelectorAll('blockquote[data-secret=\"'+t.secret+'\"]'),c=new RegExp(\"^https?:$\",\"i\"),i=0;i<o.length;i++)o[i].style.display=\"none\";for(i=0;i<a.length;i++)s=a[i],e.source===s.contentWindow&&(s.removeAttribute(\"style\"),\"height\"===t.message?(1e3<(r=parseInt(t.value,10))?r=1e3:~~r<200&&(r=200),s.height=r):\"link\"===t.message&&(r=new URL(s.getAttribute(\"src\")),n=new URL(t.value),c.test(n.protocol))&&n.host===r.host&&l.activeElement===s&&(d.top.location.href=t.value))}},d.addEventListener(\"message\",d.wp.receiveEmbedMessage,!1),l.addEventListener(\"DOMContentLoaded\",function(){for(var e,t,s=l.querySelectorAll(\"iframe.wp-embedded-content\"),r=0;r<s.length;r++)(t=(e=s[r]).getAttribute(\"data-secret\"))||(t=Math.random().toString(36).substring(2,12),e.src+=\"#?secret=\"+t,e.setAttribute(\"data-secret\",t)),e.contentWindow.postMessage({message:\"ready\",secret:t},\"*\")},!1)))}(window,document);\n\/\/# sourceURL=https:\/\/www.info.valladolid.es\/blog\/wp-includes\/js\/wp-embed.min.js\n\/* ]]> *\/\n<\/script>\n","thumbnail_url":"https:\/\/www.info.valladolid.es\/blog\/wp-content\/uploads\/2018\/03\/blog-creatividad-artistia.jpg","thumbnail_width":390,"thumbnail_height":315,"description":"&nbsp; \u00bfConfiguran nuestros l\u00edmites individuales las fronteras colectivas? \u00bfHasta qu\u00e9 punto somos c\u00f3mplices en su creaci\u00f3n? \u00bfC\u00f3mo afectan a los ciudadanos en su idea de hogar? Son algunas de las preguntas que se plantean las artistas Bettina Geisselmann y Ana Kovacic y la comisaria Naiara Valdano en \u00bfFronteras?, la primera exposici\u00f3n dual del a\u00f1o que presenta la Red Europea de Ciudades por la Creaci\u00f3n Art\u00edstica en el Museo Patio Herreriano de Valladolid. El lema de la muestra fue lanzado por la comisaria en una convocatoria abierta a trece ciudades europeas para poner de manifiesto el momento tan parad\u00f3jico \u201cy confuso en el tema de las fronteras\u201d que vivimos. \u201cA pesar de la hiperconexi\u00f3n que tenemos gracias a las redes sociales estamos m\u00e1s alejados que nunca\u201d, reflexiona Valdano, que remite al visitante \u201ca las noticias sobre el auge de partidos xen\u00f3fobos, de los movimientos nacionalistas o del rechazo a los inmigrantes\u201d que son el pan de cada d\u00eda. A su llamada concurrieron cerca de 50 propuestas. Valdano se decant\u00f3 por las de Geisselmann, vallisoletana nacida en Alemania, y Kovacic, croata que ha residido en el pa\u00eds germano, por \u201cel di\u00e1logo entre sus muestras que muestran las fronteras geogr\u00e1ficas, sociales, mentales y [&hellip;]"}

Más allá de las fronteras - Blog Cultura y Turismo

<blockquote class="wp-embedded-content" data-secret="KbG6OM2Isq"><a href="https://www.info.valladolid.es/blog/exposicion_fronteras_patio_herreriano/">Más allá de las fronteras</a></blockquote><iframe sandbox="allow-scripts" security="restricted" src="https://www.info.valladolid.es/blog/exposicion_fronteras_patio_herreriano/embed/#?secret=KbG6OM2Isq" width="600" height="338" title="«Más allá de las fronteras» — Blog Cultura y Turismo" data-secret="KbG6OM2Isq" frameborder="0" marginwidth="0" marginheight="0" scrolling="no" class="wp-embedded-content"></iframe><script type="text/javascript">
/* <![CDATA[ */
/*! This file is auto-generated */
!function(d,l){"use strict";l.querySelector&&d.addEventListener&&"undefined"!=typeof URL&&(d.wp=d.wp||{},d.wp.receiveEmbedMessage||(d.wp.receiveEmbedMessage=function(e){var t=e.data;if((t||t.secret||t.message||t.value)&&!/[^a-zA-Z0-9]/.test(t.secret)){for(var s,r,n,a=l.querySelectorAll('iframe[data-secret="'+t.secret+'"]'),o=l.querySelectorAll('blockquote[data-secret="'+t.secret+'"]'),c=new RegExp("^https?:$","i"),i=0;i<o.length;i++)o[i].style.display="none";for(i=0;i<a.length;i++)s=a[i],e.source===s.contentWindow&&(s.removeAttribute("style"),"height"===t.message?(1e3<(r=parseInt(t.value,10))?r=1e3:~~r<200&&(r=200),s.height=r):"link"===t.message&&(r=new URL(s.getAttribute("src")),n=new URL(t.value),c.test(n.protocol))&&n.host===r.host&&l.activeElement===s&&(d.top.location.href=t.value))}},d.addEventListener("message",d.wp.receiveEmbedMessage,!1),l.addEventListener("DOMContentLoaded",function(){for(var e,t,s=l.querySelectorAll("iframe.wp-embedded-content"),r=0;r<s.length;r++)(t=(e=s[r]).getAttribute("data-secret"))||(t=Math.random().toString(36).substring(2,12),e.src+="#?secret="+t,e.setAttribute("data-secret",t)),e.contentWindow.postMessage({message:"ready",secret:t},"*")},!1)))}(window,document);
//# sourceURL=https://www.info.valladolid.es/blog/wp-includes/js/wp-embed.min.js
/* ]]> */
</script>

&nbsp; ¿Configuran nuestros límites individuales las fronteras colectivas? ¿Hasta qué punto somos cómplices en su creación? ¿Cómo afectan a los ciudadanos en su idea de hogar? Son algunas de las preguntas que se plantean las artistas Bettina Geisselmann y Ana Kovacic y la comisaria Naiara Valdano en ¿Fronteras?, la primera exposición dual del año que presenta la Red Europea de Ciudades por la Creación Artística en el Museo Patio Herreriano de Valladolid. El lema de la muestra fue lanzado por la comisaria en una convocatoria abierta a trece ciudades europeas para poner de manifiesto el momento tan paradójico “y confuso en el tema de las fronteras” que vivimos. “A pesar de la hiperconexión que tenemos gracias a las redes sociales estamos más alejados que nunca”, reflexiona Valdano, que remite al visitante “a las noticias sobre el auge de partidos xenófobos, de los movimientos nacionalistas o del rechazo a los inmigrantes” que son el pan de cada día. A su llamada concurrieron cerca de 50 propuestas. Valdano se decantó por las de Geisselmann, vallisoletana nacida en Alemania, y Kovacic, croata que ha residido en el país germano, por “el diálogo entre sus muestras que muestran las fronteras geográficas, sociales, mentales y [&hellip;]
