{"version":"1.0","provider_name":"Blog Cultura y Turismo","provider_url":"https:\/\/www.info.valladolid.es\/blog","title":"Exposici\u00f3n 'Tempus, un a\u00f1o de Cofrad\u00eda' en la Sala de Las Francesas -","type":"rich","width":600,"height":338,"html":"<blockquote class=\"wp-embedded-content\" data-secret=\"bpL3uGbtof\"><a href=\"https:\/\/www.info.valladolid.es\/blog\/exposicion-tempus-sala-francesas\/\">Exposici\u00f3n &#8216;Tempus, un a\u00f1o de Cofrad\u00eda&#8217; en la Sala de Las Francesas<\/a><\/blockquote><iframe sandbox=\"allow-scripts\" security=\"restricted\" src=\"https:\/\/www.info.valladolid.es\/blog\/exposicion-tempus-sala-francesas\/embed\/#?secret=bpL3uGbtof\" width=\"600\" height=\"338\" title=\"\u00abExposici\u00f3n &#8216;Tempus, un a\u00f1o de Cofrad\u00eda&#8217; en la Sala de Las Francesas\u00bb \u2014 Blog Cultura y Turismo\" data-secret=\"bpL3uGbtof\" frameborder=\"0\" marginwidth=\"0\" marginheight=\"0\" scrolling=\"no\" class=\"wp-embedded-content\"><\/iframe><script type=\"text\/javascript\">\n\/* <![CDATA[ *\/\n\/*! This file is auto-generated *\/\n!function(d,l){\"use strict\";l.querySelector&&d.addEventListener&&\"undefined\"!=typeof URL&&(d.wp=d.wp||{},d.wp.receiveEmbedMessage||(d.wp.receiveEmbedMessage=function(e){var t=e.data;if((t||t.secret||t.message||t.value)&&!\/[^a-zA-Z0-9]\/.test(t.secret)){for(var s,r,n,a=l.querySelectorAll('iframe[data-secret=\"'+t.secret+'\"]'),o=l.querySelectorAll('blockquote[data-secret=\"'+t.secret+'\"]'),c=new RegExp(\"^https?:$\",\"i\"),i=0;i<o.length;i++)o[i].style.display=\"none\";for(i=0;i<a.length;i++)s=a[i],e.source===s.contentWindow&&(s.removeAttribute(\"style\"),\"height\"===t.message?(1e3<(r=parseInt(t.value,10))?r=1e3:~~r<200&&(r=200),s.height=r):\"link\"===t.message&&(r=new URL(s.getAttribute(\"src\")),n=new URL(t.value),c.test(n.protocol))&&n.host===r.host&&l.activeElement===s&&(d.top.location.href=t.value))}},d.addEventListener(\"message\",d.wp.receiveEmbedMessage,!1),l.addEventListener(\"DOMContentLoaded\",function(){for(var e,t,s=l.querySelectorAll(\"iframe.wp-embedded-content\"),r=0;r<s.length;r++)(t=(e=s[r]).getAttribute(\"data-secret\"))||(t=Math.random().toString(36).substring(2,12),e.src+=\"#?secret=\"+t,e.setAttribute(\"data-secret\",t)),e.contentWindow.postMessage({message:\"ready\",secret:t},\"*\")},!1)))}(window,document);\n\/\/# sourceURL=https:\/\/www.info.valladolid.es\/blog\/wp-includes\/js\/wp-embed.min.js\n\/* ]]> *\/\n<\/script>\n","thumbnail_url":"https:\/\/www.info.valladolid.es\/blog\/wp-content\/uploads\/2022\/03\/evento-tempus.jpg","thumbnail_width":700,"thumbnail_height":464,"description":"La Sala Municipal de Exposiciones de la Iglesia de Las Francesas acoge la muestra \u2018Tempus, un a\u00f1o de Cofrad\u00eda\u2019. Una exposici\u00f3n en torno a la Semana Santa que presenta el patrimonio art\u00edstico y espiritual de las hermandades vallisoletanas y que abarca los actos y momentos de devoci\u00f3n que viven estas cofrad\u00edas a lo largo de todo el a\u00f1o. \u2018Tempus, un a\u00f1o de Cofrad\u00eda\u2019 re\u00fane 47 piezas procedentes de parroquias, conventos y cofrad\u00edas de Valladolid, Medina de Rioseco y Megeces; esculturas, pinturas y objetos que han centrado el desarrollo de las hermandades desde el siglo XVI. Puede visitarse hasta el 17 de abril en horario de martes a domingo y festivos de 12 a 14 y de 18.30 a 21.30 horas, con entrada gratuita. Una pieza in\u00e9dita Entre todos los objetos que se muestran destaca un velo cuaresmal de seis metros de altura del siglo XVI, propiedad del Ayuntamiento de Valladolid. Despu\u00e9s de una minuciosa restauraci\u00f3n, se expone por primera vez al p\u00fablico. Esta &#8216;sarga de la Crucifixi\u00f3n&#8217;, atribuida a Juan de Villoldo, disc\u00edpulo de Alonso Berruguete, fue realizada hacia 1569. Estas sargas o velos, de grandes dimensiones, se colocaban sobre los retablos en Semana Santa. El que ahora se presenta [&hellip;]"}

Exposición 'Tempus, un año de Cofradía' en la Sala de Las Francesas -

<blockquote class="wp-embedded-content" data-secret="bpL3uGbtof"><a href="https://www.info.valladolid.es/blog/exposicion-tempus-sala-francesas/">Exposición &#8216;Tempus, un año de Cofradía&#8217; en la Sala de Las Francesas</a></blockquote><iframe sandbox="allow-scripts" security="restricted" src="https://www.info.valladolid.es/blog/exposicion-tempus-sala-francesas/embed/#?secret=bpL3uGbtof" width="600" height="338" title="«Exposición &#8216;Tempus, un año de Cofradía&#8217; en la Sala de Las Francesas» — Blog Cultura y Turismo" data-secret="bpL3uGbtof" frameborder="0" marginwidth="0" marginheight="0" scrolling="no" class="wp-embedded-content"></iframe><script type="text/javascript">
/* <![CDATA[ */
/*! This file is auto-generated */
!function(d,l){"use strict";l.querySelector&&d.addEventListener&&"undefined"!=typeof URL&&(d.wp=d.wp||{},d.wp.receiveEmbedMessage||(d.wp.receiveEmbedMessage=function(e){var t=e.data;if((t||t.secret||t.message||t.value)&&!/[^a-zA-Z0-9]/.test(t.secret)){for(var s,r,n,a=l.querySelectorAll('iframe[data-secret="'+t.secret+'"]'),o=l.querySelectorAll('blockquote[data-secret="'+t.secret+'"]'),c=new RegExp("^https?:$","i"),i=0;i<o.length;i++)o[i].style.display="none";for(i=0;i<a.length;i++)s=a[i],e.source===s.contentWindow&&(s.removeAttribute("style"),"height"===t.message?(1e3<(r=parseInt(t.value,10))?r=1e3:~~r<200&&(r=200),s.height=r):"link"===t.message&&(r=new URL(s.getAttribute("src")),n=new URL(t.value),c.test(n.protocol))&&n.host===r.host&&l.activeElement===s&&(d.top.location.href=t.value))}},d.addEventListener("message",d.wp.receiveEmbedMessage,!1),l.addEventListener("DOMContentLoaded",function(){for(var e,t,s=l.querySelectorAll("iframe.wp-embedded-content"),r=0;r<s.length;r++)(t=(e=s[r]).getAttribute("data-secret"))||(t=Math.random().toString(36).substring(2,12),e.src+="#?secret="+t,e.setAttribute("data-secret",t)),e.contentWindow.postMessage({message:"ready",secret:t},"*")},!1)))}(window,document);
//# sourceURL=https://www.info.valladolid.es/blog/wp-includes/js/wp-embed.min.js
/* ]]> */
</script>

La Sala Municipal de Exposiciones de la Iglesia de Las Francesas acoge la muestra ‘Tempus, un año de Cofradía’. Una exposición en torno a la Semana Santa que presenta el patrimonio artístico y espiritual de las hermandades vallisoletanas y que abarca los actos y momentos de devoción que viven estas cofradías a lo largo de todo el año. ‘Tempus, un año de Cofradía’ reúne 47 piezas procedentes de parroquias, conventos y cofradías de Valladolid, Medina de Rioseco y Megeces; esculturas, pinturas y objetos que han centrado el desarrollo de las hermandades desde el siglo XVI. Puede visitarse hasta el 17 de abril en horario de martes a domingo y festivos de 12 a 14 y de 18.30 a 21.30 horas, con entrada gratuita. Una pieza inédita Entre todos los objetos que se muestran destaca un velo cuaresmal de seis metros de altura del siglo XVI, propiedad del Ayuntamiento de Valladolid. Después de una minuciosa restauración, se expone por primera vez al público. Esta &#8216;sarga de la Crucifixión&#8217;, atribuida a Juan de Villoldo, discípulo de Alonso Berruguete, fue realizada hacia 1569. Estas sargas o velos, de grandes dimensiones, se colocaban sobre los retablos en Semana Santa. El que ahora se presenta [&hellip;]
