{"version":"1.0","provider_name":"Blog Cultura y Turismo","provider_url":"https:\/\/www.info.valladolid.es\/blog","title":"Berenice Abbott, la nueva mirada de la fotograf\u00eda - Blog Cultura y Turismo","type":"rich","width":600,"height":338,"html":"<blockquote class=\"wp-embedded-content\" data-secret=\"bUKZ8QHk8O\"><a href=\"https:\/\/www.info.valladolid.es\/blog\/berenice-abbott-exposicion-valladolid\/\">Berenice Abbott, la nueva mirada de la fotograf\u00eda<\/a><\/blockquote><iframe sandbox=\"allow-scripts\" security=\"restricted\" src=\"https:\/\/www.info.valladolid.es\/blog\/berenice-abbott-exposicion-valladolid\/embed\/#?secret=bUKZ8QHk8O\" width=\"600\" height=\"338\" title=\"\u00abBerenice Abbott, la nueva mirada de la fotograf\u00eda\u00bb \u2014 Blog Cultura y Turismo\" data-secret=\"bUKZ8QHk8O\" frameborder=\"0\" marginwidth=\"0\" marginheight=\"0\" scrolling=\"no\" class=\"wp-embedded-content\"><\/iframe><script type=\"text\/javascript\">\n\/* <![CDATA[ *\/\n\/*! This file is auto-generated *\/\n!function(d,l){\"use strict\";l.querySelector&&d.addEventListener&&\"undefined\"!=typeof URL&&(d.wp=d.wp||{},d.wp.receiveEmbedMessage||(d.wp.receiveEmbedMessage=function(e){var t=e.data;if((t||t.secret||t.message||t.value)&&!\/[^a-zA-Z0-9]\/.test(t.secret)){for(var s,r,n,a=l.querySelectorAll('iframe[data-secret=\"'+t.secret+'\"]'),o=l.querySelectorAll('blockquote[data-secret=\"'+t.secret+'\"]'),c=new RegExp(\"^https?:$\",\"i\"),i=0;i<o.length;i++)o[i].style.display=\"none\";for(i=0;i<a.length;i++)s=a[i],e.source===s.contentWindow&&(s.removeAttribute(\"style\"),\"height\"===t.message?(1e3<(r=parseInt(t.value,10))?r=1e3:~~r<200&&(r=200),s.height=r):\"link\"===t.message&&(r=new URL(s.getAttribute(\"src\")),n=new URL(t.value),c.test(n.protocol))&&n.host===r.host&&l.activeElement===s&&(d.top.location.href=t.value))}},d.addEventListener(\"message\",d.wp.receiveEmbedMessage,!1),l.addEventListener(\"DOMContentLoaded\",function(){for(var e,t,s=l.querySelectorAll(\"iframe.wp-embedded-content\"),r=0;r<s.length;r++)(t=(e=s[r]).getAttribute(\"data-secret\"))||(t=Math.random().toString(36).substring(2,12),e.src+=\"#?secret=\"+t,e.setAttribute(\"data-secret\",t)),e.contentWindow.postMessage({message:\"ready\",secret:t},\"*\")},!1)))}(window,document);\n\/\/# sourceURL=https:\/\/www.info.valladolid.es\/blog\/wp-includes\/js\/wp-embed.min.js\n\/* ]]> *\/\n<\/script>\n","thumbnail_url":"https:\/\/www.info.valladolid.es\/blog\/wp-content\/uploads\/2015\/12\/berenice-abbott.jpg","thumbnail_width":520,"thumbnail_height":400,"description":"\u201cHacer el retrato de una ciudad es el trabajo de una vida y ninguna foto es suficiente, porque la ciudad est\u00e1 cambiando siempre\u201d, sol\u00eda decir Berenice Abbott. Sin embargo, a ella una vida le dio de s\u00ed para retratar una urbe tan vers\u00e1til como Nueva York, para capturar la esencia del c\u00edrculo de pensadores m\u00e1s ilustre de su \u00e9poca y para exprimir la belleza est\u00e9tica de la fotograf\u00eda cient\u00edfica. En la historia Abbott est\u00e1n presentes los elementos que marcan&nbsp;la vida de tantos artistas: el origen humilde, la dedicaci\u00f3n vehemente, la penuria econ\u00f3mica, la injusta falta de reconocimiento en vida y la devoci\u00f3n de cr\u00edtica y p\u00fablico a modo de triunfo p\u00f3stumo. Si un solo rasgo tuviese que definir el estilo de su fotograf\u00eda, el documentalismo responder\u00eda mejor que ning\u00fan otro a tal cometido. Supo adaptar cada elemento al fin que la autora le conced\u00eda a la imagen como \u201cuno de los principales medios de interpretaci\u00f3n\u201d. La exposici\u00f3n de Berenice Abbott en Valladolid se aproxima a la figura de la artista a trav\u00e9s de sus tres facetas principales: su debut como retratista, su proyecto de mayor envergadura, referido a la ciudad de Nueva York, y su casi desconocida labor en el [&hellip;]"}

Berenice Abbott, la nueva mirada de la fotografía - Blog Cultura y Turismo

<blockquote class="wp-embedded-content" data-secret="bUKZ8QHk8O"><a href="https://www.info.valladolid.es/blog/berenice-abbott-exposicion-valladolid/">Berenice Abbott, la nueva mirada de la fotografía</a></blockquote><iframe sandbox="allow-scripts" security="restricted" src="https://www.info.valladolid.es/blog/berenice-abbott-exposicion-valladolid/embed/#?secret=bUKZ8QHk8O" width="600" height="338" title="«Berenice Abbott, la nueva mirada de la fotografía» — Blog Cultura y Turismo" data-secret="bUKZ8QHk8O" frameborder="0" marginwidth="0" marginheight="0" scrolling="no" class="wp-embedded-content"></iframe><script type="text/javascript">
/* <![CDATA[ */
/*! This file is auto-generated */
!function(d,l){"use strict";l.querySelector&&d.addEventListener&&"undefined"!=typeof URL&&(d.wp=d.wp||{},d.wp.receiveEmbedMessage||(d.wp.receiveEmbedMessage=function(e){var t=e.data;if((t||t.secret||t.message||t.value)&&!/[^a-zA-Z0-9]/.test(t.secret)){for(var s,r,n,a=l.querySelectorAll('iframe[data-secret="'+t.secret+'"]'),o=l.querySelectorAll('blockquote[data-secret="'+t.secret+'"]'),c=new RegExp("^https?:$","i"),i=0;i<o.length;i++)o[i].style.display="none";for(i=0;i<a.length;i++)s=a[i],e.source===s.contentWindow&&(s.removeAttribute("style"),"height"===t.message?(1e3<(r=parseInt(t.value,10))?r=1e3:~~r<200&&(r=200),s.height=r):"link"===t.message&&(r=new URL(s.getAttribute("src")),n=new URL(t.value),c.test(n.protocol))&&n.host===r.host&&l.activeElement===s&&(d.top.location.href=t.value))}},d.addEventListener("message",d.wp.receiveEmbedMessage,!1),l.addEventListener("DOMContentLoaded",function(){for(var e,t,s=l.querySelectorAll("iframe.wp-embedded-content"),r=0;r<s.length;r++)(t=(e=s[r]).getAttribute("data-secret"))||(t=Math.random().toString(36).substring(2,12),e.src+="#?secret="+t,e.setAttribute("data-secret",t)),e.contentWindow.postMessage({message:"ready",secret:t},"*")},!1)))}(window,document);
//# sourceURL=https://www.info.valladolid.es/blog/wp-includes/js/wp-embed.min.js
/* ]]> */
</script>

“Hacer el retrato de una ciudad es el trabajo de una vida y ninguna foto es suficiente, porque la ciudad está cambiando siempre”, solía decir Berenice Abbott. Sin embargo, a ella una vida le dio de sí para retratar una urbe tan versátil como Nueva York, para capturar la esencia del círculo de pensadores más ilustre de su época y para exprimir la belleza estética de la fotografía científica. En la historia Abbott están presentes los elementos que marcan&nbsp;la vida de tantos artistas: el origen humilde, la dedicación vehemente, la penuria económica, la injusta falta de reconocimiento en vida y la devoción de crítica y público a modo de triunfo póstumo. Si un solo rasgo tuviese que definir el estilo de su fotografía, el documentalismo respondería mejor que ningún otro a tal cometido. Supo adaptar cada elemento al fin que la autora le concedía a la imagen como “uno de los principales medios de interpretación”. La exposición de Berenice Abbott en Valladolid se aproxima a la figura de la artista a través de sus tres facetas principales: su debut como retratista, su proyecto de mayor envergadura, referido a la ciudad de Nueva York, y su casi desconocida labor en el [&hellip;]
