{"version":"1.0","provider_name":"Blog Cultura y Turismo","provider_url":"https:\/\/www.info.valladolid.es\/blog","title":"Aqu\u00ed naci\u00f3 San Pedro Regalado - Blog Cultura y Turismo","type":"rich","width":600,"height":338,"html":"<blockquote class=\"wp-embedded-content\" data-secret=\"TPysM1tsQl\"><a href=\"https:\/\/www.info.valladolid.es\/blog\/aqui-nacio-san-pedro-regalado\/\">Aqu\u00ed naci\u00f3 San Pedro Regalado<\/a><\/blockquote><iframe sandbox=\"allow-scripts\" security=\"restricted\" src=\"https:\/\/www.info.valladolid.es\/blog\/aqui-nacio-san-pedro-regalado\/embed\/#?secret=TPysM1tsQl\" width=\"600\" height=\"338\" title=\"\u00abAqu\u00ed naci\u00f3 San Pedro Regalado\u00bb \u2014 Blog Cultura y Turismo\" data-secret=\"TPysM1tsQl\" frameborder=\"0\" marginwidth=\"0\" marginheight=\"0\" scrolling=\"no\" class=\"wp-embedded-content\"><\/iframe><script type=\"text\/javascript\">\n\/* <![CDATA[ *\/\n\/*! This file is auto-generated *\/\n!function(d,l){\"use strict\";l.querySelector&&d.addEventListener&&\"undefined\"!=typeof URL&&(d.wp=d.wp||{},d.wp.receiveEmbedMessage||(d.wp.receiveEmbedMessage=function(e){var t=e.data;if((t||t.secret||t.message||t.value)&&!\/[^a-zA-Z0-9]\/.test(t.secret)){for(var s,r,n,a=l.querySelectorAll('iframe[data-secret=\"'+t.secret+'\"]'),o=l.querySelectorAll('blockquote[data-secret=\"'+t.secret+'\"]'),c=new RegExp(\"^https?:$\",\"i\"),i=0;i<o.length;i++)o[i].style.display=\"none\";for(i=0;i<a.length;i++)s=a[i],e.source===s.contentWindow&&(s.removeAttribute(\"style\"),\"height\"===t.message?(1e3<(r=parseInt(t.value,10))?r=1e3:~~r<200&&(r=200),s.height=r):\"link\"===t.message&&(r=new URL(s.getAttribute(\"src\")),n=new URL(t.value),c.test(n.protocol))&&n.host===r.host&&l.activeElement===s&&(d.top.location.href=t.value))}},d.addEventListener(\"message\",d.wp.receiveEmbedMessage,!1),l.addEventListener(\"DOMContentLoaded\",function(){for(var e,t,s=l.querySelectorAll(\"iframe.wp-embedded-content\"),r=0;r<s.length;r++)(t=(e=s[r]).getAttribute(\"data-secret\"))||(t=Math.random().toString(36).substring(2,12),e.src+=\"#?secret=\"+t,e.setAttribute(\"data-secret\",t)),e.contentWindow.postMessage({message:\"ready\",secret:t},\"*\")},!1)))}(window,document);\n\/\/# sourceURL=https:\/\/www.info.valladolid.es\/blog\/wp-includes\/js\/wp-embed.min.js\n\/* ]]> *\/\n<\/script>\n","thumbnail_url":"https:\/\/www.info.valladolid.es\/blog\/wp-content\/uploads\/2019\/03\/casa-natal-san-pedro-regalado.jpg","thumbnail_width":950,"thumbnail_height":495,"description":"\u00abEste gran santo, honra de la cat\u00f3lica Espa\u00f1a y gloria de Valladolid, naci\u00f3 aqu\u00ed el a\u00f1o de 1390. Muri\u00f3 en la paz del Se\u00f1or el d\u00eda 30 de marzo de 1456. Sigamos su ejemplo imitando sus virtudes\u00bb. Estas l\u00edneas recuerdan que San Pedro Regalado, patr\u00f3n de Valladolid, cuya festividad celebramos el 13 de mayo, naci\u00f3 en la calle Plater\u00edas de la capital del Pisuerga. Puedes encontrar el edificio, actual n\u00famero 2, al principio de la v\u00eda, en el acceso desde la plaza del Ochavo. Pese a las investigaciones que han tratado de esclarecer la fecha exacta del nacimiento del santo, no se conoce ni el d\u00eda ni el mes de tal acontecimiento. Tan solo sabemos que ocurri\u00f3 en 1390 y que poco despu\u00e9s recibi\u00f3 el primer sacramento en la actual Iglesia del Salvador -como nos recuerda una estatua del santo y una placa sobre la pila bautismal, que a\u00fan se conserva-. Tambi\u00e9n conocemos el nombre de sus padres: Pedro Regalado y do\u00f1a Mar\u00eda de la Costanilla (nombre que por aquel entonces ten\u00eda la calle), ambos de linaje y fortuna. El hoy patr\u00f3n de Valladolid, en sustituci\u00f3n de San Miguel, fue, en su tiempo, conocido como Pedro de Costanilla -as\u00ed figura [&hellip;]"}

Aquí nació San Pedro Regalado - Blog Cultura y Turismo

<blockquote class="wp-embedded-content" data-secret="TPysM1tsQl"><a href="https://www.info.valladolid.es/blog/aqui-nacio-san-pedro-regalado/">Aquí nació San Pedro Regalado</a></blockquote><iframe sandbox="allow-scripts" security="restricted" src="https://www.info.valladolid.es/blog/aqui-nacio-san-pedro-regalado/embed/#?secret=TPysM1tsQl" width="600" height="338" title="«Aquí nació San Pedro Regalado» — Blog Cultura y Turismo" data-secret="TPysM1tsQl" frameborder="0" marginwidth="0" marginheight="0" scrolling="no" class="wp-embedded-content"></iframe><script type="text/javascript">
/* <![CDATA[ */
/*! This file is auto-generated */
!function(d,l){"use strict";l.querySelector&&d.addEventListener&&"undefined"!=typeof URL&&(d.wp=d.wp||{},d.wp.receiveEmbedMessage||(d.wp.receiveEmbedMessage=function(e){var t=e.data;if((t||t.secret||t.message||t.value)&&!/[^a-zA-Z0-9]/.test(t.secret)){for(var s,r,n,a=l.querySelectorAll('iframe[data-secret="'+t.secret+'"]'),o=l.querySelectorAll('blockquote[data-secret="'+t.secret+'"]'),c=new RegExp("^https?:$","i"),i=0;i<o.length;i++)o[i].style.display="none";for(i=0;i<a.length;i++)s=a[i],e.source===s.contentWindow&&(s.removeAttribute("style"),"height"===t.message?(1e3<(r=parseInt(t.value,10))?r=1e3:~~r<200&&(r=200),s.height=r):"link"===t.message&&(r=new URL(s.getAttribute("src")),n=new URL(t.value),c.test(n.protocol))&&n.host===r.host&&l.activeElement===s&&(d.top.location.href=t.value))}},d.addEventListener("message",d.wp.receiveEmbedMessage,!1),l.addEventListener("DOMContentLoaded",function(){for(var e,t,s=l.querySelectorAll("iframe.wp-embedded-content"),r=0;r<s.length;r++)(t=(e=s[r]).getAttribute("data-secret"))||(t=Math.random().toString(36).substring(2,12),e.src+="#?secret="+t,e.setAttribute("data-secret",t)),e.contentWindow.postMessage({message:"ready",secret:t},"*")},!1)))}(window,document);
//# sourceURL=https://www.info.valladolid.es/blog/wp-includes/js/wp-embed.min.js
/* ]]> */
</script>

«Este gran santo, honra de la católica España y gloria de Valladolid, nació aquí el año de 1390. Murió en la paz del Señor el día 30 de marzo de 1456. Sigamos su ejemplo imitando sus virtudes». Estas líneas recuerdan que San Pedro Regalado, patrón de Valladolid, cuya festividad celebramos el 13 de mayo, nació en la calle Platerías de la capital del Pisuerga. Puedes encontrar el edificio, actual número 2, al principio de la vía, en el acceso desde la plaza del Ochavo. Pese a las investigaciones que han tratado de esclarecer la fecha exacta del nacimiento del santo, no se conoce ni el día ni el mes de tal acontecimiento. Tan solo sabemos que ocurrió en 1390 y que poco después recibió el primer sacramento en la actual Iglesia del Salvador -como nos recuerda una estatua del santo y una placa sobre la pila bautismal, que aún se conserva-. También conocemos el nombre de sus padres: Pedro Regalado y doña María de la Costanilla (nombre que por aquel entonces tenía la calle), ambos de linaje y fortuna. El hoy patrón de Valladolid, en sustitución de San Miguel, fue, en su tiempo, conocido como Pedro de Costanilla -así figura [&hellip;]
