{"version":"1.0","provider_name":"Blog Cultura y Turismo","provider_url":"https:\/\/www.info.valladolid.es\/blog","title":"La Academia de Caballer\u00eda de Valladolid - Blog Cultura y Turismo","type":"rich","width":600,"height":338,"html":"<blockquote class=\"wp-embedded-content\" data-secret=\"u9NmFo2Brs\"><a href=\"https:\/\/www.info.valladolid.es\/blog\/academia_de_caballeria\/\">La Academia de Caballer\u00eda de Valladolid<\/a><\/blockquote><iframe sandbox=\"allow-scripts\" security=\"restricted\" src=\"https:\/\/www.info.valladolid.es\/blog\/academia_de_caballeria\/embed\/#?secret=u9NmFo2Brs\" width=\"600\" height=\"338\" title=\"\u00abLa Academia de Caballer\u00eda de Valladolid\u00bb \u2014 Blog Cultura y Turismo\" data-secret=\"u9NmFo2Brs\" frameborder=\"0\" marginwidth=\"0\" marginheight=\"0\" scrolling=\"no\" class=\"wp-embedded-content\"><\/iframe><script type=\"text\/javascript\">\n\/* <![CDATA[ *\/\n\/*! This file is auto-generated *\/\n!function(d,l){\"use strict\";l.querySelector&&d.addEventListener&&\"undefined\"!=typeof URL&&(d.wp=d.wp||{},d.wp.receiveEmbedMessage||(d.wp.receiveEmbedMessage=function(e){var t=e.data;if((t||t.secret||t.message||t.value)&&!\/[^a-zA-Z0-9]\/.test(t.secret)){for(var s,r,n,a=l.querySelectorAll('iframe[data-secret=\"'+t.secret+'\"]'),o=l.querySelectorAll('blockquote[data-secret=\"'+t.secret+'\"]'),c=new RegExp(\"^https?:$\",\"i\"),i=0;i<o.length;i++)o[i].style.display=\"none\";for(i=0;i<a.length;i++)s=a[i],e.source===s.contentWindow&&(s.removeAttribute(\"style\"),\"height\"===t.message?(1e3<(r=parseInt(t.value,10))?r=1e3:~~r<200&&(r=200),s.height=r):\"link\"===t.message&&(r=new URL(s.getAttribute(\"src\")),n=new URL(t.value),c.test(n.protocol))&&n.host===r.host&&l.activeElement===s&&(d.top.location.href=t.value))}},d.addEventListener(\"message\",d.wp.receiveEmbedMessage,!1),l.addEventListener(\"DOMContentLoaded\",function(){for(var e,t,s=l.querySelectorAll(\"iframe.wp-embedded-content\"),r=0;r<s.length;r++)(t=(e=s[r]).getAttribute(\"data-secret\"))||(t=Math.random().toString(36).substring(2,12),e.src+=\"#?secret=\"+t,e.setAttribute(\"data-secret\",t)),e.contentWindow.postMessage({message:\"ready\",secret:t},\"*\")},!1)))}(window,document);\n\/\/# sourceURL=https:\/\/www.info.valladolid.es\/blog\/wp-includes\/js\/wp-embed.min.js\n\/* ]]> *\/\n<\/script>\n","thumbnail_url":"https:\/\/www.info.valladolid.es\/blog\/wp-content\/uploads\/2016\/04\/academia-caballeria-recortada.jpg","thumbnail_width":900,"thumbnail_height":537,"description":"En pleno centro de Valladolid se encuentra, imponente, la\u00a0\u00fanica Academia de Caballer\u00eda en Espa\u00f1a. En sus pasillos y aulas m\u00e1s de 100 cadetes se inician, cada a\u00f1o, en la carrera militar. A su alrededor, turistas y vecinos buscan el mejor encuadre del solemne edificio. Algunos se adentran para conocer su museo: uniformes, armamento, condecoraciones o una m\u00e1quina Enigma original forman parte de sus fondos. El nombre completo de la escuela, dato desconocido para muchos visitantes, es Acuartelamiento General Shelly. Historia de la Academia El espacio que hoy ocupa la Academia de Caballer\u00eda fue, entre 1847 y 1915, emplazamiento de un edificio conocido como \u2018El oct\u00f3gono\u2019 por la forma de su planta. Fue levantado fuera del municipio para servir de prisi\u00f3n, pero el r\u00e1pido crecimiento de la ciudad pronto lo fagocit\u00f3. Ya con &#8216;el oct\u00f3gono&#8217; dentro de la villa, se tom\u00f3 la decisi\u00f3n de trasladar la c\u00e1rcel al Monasterio del Prado; determinaci\u00f3n que aprovech\u00f3 el director del Arma Ricardo Shelly para proponer el traslado de la Academia de Caballer\u00eda a Valladolid. En 1852 el \u2018Oct\u00f3gono\u2019 abr\u00eda sus puertas a los 39 cadetes de la primera promoci\u00f3n vallisoletana. En 1915 un incendio arras\u00f3 durante tres d\u00edas el edificio octogonal. La ciudad al [&hellip;]"}

La Academia de Caballería de Valladolid - Blog Cultura y Turismo

<blockquote class="wp-embedded-content" data-secret="u9NmFo2Brs"><a href="https://www.info.valladolid.es/blog/academia_de_caballeria/">La Academia de Caballería de Valladolid</a></blockquote><iframe sandbox="allow-scripts" security="restricted" src="https://www.info.valladolid.es/blog/academia_de_caballeria/embed/#?secret=u9NmFo2Brs" width="600" height="338" title="«La Academia de Caballería de Valladolid» — Blog Cultura y Turismo" data-secret="u9NmFo2Brs" frameborder="0" marginwidth="0" marginheight="0" scrolling="no" class="wp-embedded-content"></iframe><script type="text/javascript">
/* <![CDATA[ */
/*! This file is auto-generated */
!function(d,l){"use strict";l.querySelector&&d.addEventListener&&"undefined"!=typeof URL&&(d.wp=d.wp||{},d.wp.receiveEmbedMessage||(d.wp.receiveEmbedMessage=function(e){var t=e.data;if((t||t.secret||t.message||t.value)&&!/[^a-zA-Z0-9]/.test(t.secret)){for(var s,r,n,a=l.querySelectorAll('iframe[data-secret="'+t.secret+'"]'),o=l.querySelectorAll('blockquote[data-secret="'+t.secret+'"]'),c=new RegExp("^https?:$","i"),i=0;i<o.length;i++)o[i].style.display="none";for(i=0;i<a.length;i++)s=a[i],e.source===s.contentWindow&&(s.removeAttribute("style"),"height"===t.message?(1e3<(r=parseInt(t.value,10))?r=1e3:~~r<200&&(r=200),s.height=r):"link"===t.message&&(r=new URL(s.getAttribute("src")),n=new URL(t.value),c.test(n.protocol))&&n.host===r.host&&l.activeElement===s&&(d.top.location.href=t.value))}},d.addEventListener("message",d.wp.receiveEmbedMessage,!1),l.addEventListener("DOMContentLoaded",function(){for(var e,t,s=l.querySelectorAll("iframe.wp-embedded-content"),r=0;r<s.length;r++)(t=(e=s[r]).getAttribute("data-secret"))||(t=Math.random().toString(36).substring(2,12),e.src+="#?secret="+t,e.setAttribute("data-secret",t)),e.contentWindow.postMessage({message:"ready",secret:t},"*")},!1)))}(window,document);
//# sourceURL=https://www.info.valladolid.es/blog/wp-includes/js/wp-embed.min.js
/* ]]> */
</script>

En pleno centro de Valladolid se encuentra, imponente, la única Academia de Caballería en España. En sus pasillos y aulas más de 100 cadetes se inician, cada año, en la carrera militar. A su alrededor, turistas y vecinos buscan el mejor encuadre del solemne edificio. Algunos se adentran para conocer su museo: uniformes, armamento, condecoraciones o una máquina Enigma original forman parte de sus fondos. El nombre completo de la escuela, dato desconocido para muchos visitantes, es Acuartelamiento General Shelly. Historia de la Academia El espacio que hoy ocupa la Academia de Caballería fue, entre 1847 y 1915, emplazamiento de un edificio conocido como ‘El octógono’ por la forma de su planta. Fue levantado fuera del municipio para servir de prisión, pero el rápido crecimiento de la ciudad pronto lo fagocitó. Ya con &#8216;el octógono&#8217; dentro de la villa, se tomó la decisión de trasladar la cárcel al Monasterio del Prado; determinación que aprovechó el director del Arma Ricardo Shelly para proponer el traslado de la Academia de Caballería a Valladolid. En 1852 el ‘Octógono’ abría sus puertas a los 39 cadetes de la primera promoción vallisoletana. En 1915 un incendio arrasó durante tres días el edificio octogonal. La ciudad al [&hellip;]
